Last updated on 2014-10-02 01:48:12.
Flavor | Version | Tinstall | Tcheck | Ttotal | Status | Flags |
---|---|---|---|---|---|---|
r-devel-linux-x86_64-debian-clang | 1.4 | 4.50 | 91.21 | 95.71 | OK | |
r-devel-linux-x86_64-debian-gcc | 1.4 | 4.37 | 87.84 | 92.21 | OK | |
r-devel-linux-x86_64-fedora-clang | 1.4 | 211.89 | OK | |||
r-devel-linux-x86_64-fedora-gcc | 1.4 | 207.26 | OK | |||
r-devel-osx-x86_64-clang | 1.4 | 182.93 | OK | |||
r-devel-windows-ix86+x86_64 | 1.4 | 15.00 | 142.00 | 157.00 | OK | |
r-patched-linux-x86_64 | 1.4 | 4.70 | 97.27 | 101.98 | OK | |
r-patched-solaris-sparc | 1.4 | 1154.00 | OK | |||
r-patched-solaris-x86 | 1.4 | 253.30 | OK | |||
r-release-linux-ix86 | 1.4 | 5.88 | 118.92 | 124.79 | OK | |
r-release-linux-x86_64 | 1.4 | 4.81 | 96.54 | 101.35 | OK | |
r-release-osx-x86_64-mavericks | 1.4 | NOTE | ||||
r-release-osx-x86_64-snowleopard | 1.4 | OK | ||||
r-release-windows-ix86+x86_64 | 1.4 | 17.00 | 162.00 | 179.00 | OK | |
r-oldrel-windows-ix86+x86_64 | 1.4 | 16.00 | 156.00 | 172.00 | OK |
Version: 1.4
Check: re-building of vignette outputs
Result: NOTE
Error in re-building vignettes:
...
Error in texi2dvi(file = file, pdf = TRUE, clean = clean, quiet = quiet, :
Running 'texi2dvi' on 'Anx1.tex' failed.
LaTeX errors:
! LaTeX Error: File `bbm.sty' not found.
Type X to quit or <RETURN> to proceed,
or enter new name. (Default extension: sty)
./pratiquer.sty:11: ==> Fatal error occurred, no output PDF file produced!
Calls: buildVignettes -> texi2pdf -> texi2dvi
Execution halted
Flavor: r-release-osx-x86_64-mavericks