Last updated on 2014-10-02 01:48:12.
Flavor | Version | Tinstall | Tcheck | Ttotal | Status | Flags |
---|---|---|---|---|---|---|
r-devel-linux-x86_64-debian-clang | 0.5 | 3.40 | 48.07 | 51.47 | OK | |
r-devel-linux-x86_64-debian-gcc | 0.5 | 3.22 | 45.99 | 49.20 | OK | |
r-devel-linux-x86_64-fedora-clang | 0.5 | 111.08 | OK | |||
r-devel-linux-x86_64-fedora-gcc | 0.5 | 103.70 | OK | |||
r-devel-osx-x86_64-clang | 0.5 | 88.85 | OK | |||
r-devel-windows-ix86+x86_64 | 0.5 | 11.00 | 75.00 | 86.00 | OK | |
r-patched-linux-x86_64 | 0.5 | 3.43 | 49.34 | 52.77 | OK | |
r-patched-solaris-sparc | 0.5 | 639.80 | OK | |||
r-patched-solaris-x86 | 0.5 | 160.20 | OK | |||
r-release-linux-ix86 | 0.5 | 4.49 | 61.54 | 66.04 | OK | |
r-release-linux-x86_64 | 0.5 | 4.08 | 49.20 | 53.28 | OK | |
r-release-osx-x86_64-mavericks | 0.5 | ERROR | ||||
r-release-osx-x86_64-snowleopard | 0.5 | OK | ||||
r-release-windows-ix86+x86_64 | 0.5 | 14.00 | 82.00 | 96.00 | OK | |
r-oldrel-windows-ix86+x86_64 | 0.5 | 14.00 | 96.00 | 110.00 | OK |
Version: 0.5
Check: package dependencies
Result: ERROR
Package required but not available: ‘rgdal’
See the information on DESCRIPTION files in the chapter ‘Creating R
packages’ of the ‘Writing R Extensions’ manual.
Flavor: r-release-osx-x86_64-mavericks