CRAN Package Check Results for Package calibrator

Last updated on 2014-10-02 01:48:12.

Flavor Version Tinstall Tcheck Ttotal Status Flags
r-devel-linux-x86_64-debian-clang 1.2-6 1.16 26.64 27.80 NOTE
r-devel-linux-x86_64-debian-gcc 1.2-6 1.11 24.73 25.84 NOTE
r-devel-linux-x86_64-fedora-clang 1.2-6 55.72 NOTE
r-devel-linux-x86_64-fedora-gcc 1.2-6 56.68 NOTE
r-devel-osx-x86_64-clang 1.2-6 51.05 NOTE
r-devel-windows-ix86+x86_64 1.2-6 4.00 45.00 49.00 NOTE
r-patched-linux-x86_64 1.2-6 1.17 26.03 27.20 OK
r-patched-solaris-sparc 1.2-6 300.60 OK
r-patched-solaris-x86 1.2-6 67.50 OK
r-release-linux-ix86 1.2-6 1.62 32.86 34.48 OK
r-release-linux-x86_64 1.2-6 1.18 25.60 26.77 OK
r-release-osx-x86_64-mavericks 1.2-6 OK
r-release-osx-x86_64-snowleopard 1.2-6 OK
r-release-windows-ix86+x86_64 1.2-6 5.00 44.00 49.00 OK
r-oldrel-windows-ix86+x86_64 1.2-6 5.00 47.00 52.00 OK

Check Details

Version: 1.2-6
Check: R code for possible problems
Result: NOTE
    MH: no visible global function definition for ‘rmvnorm’
    computer.model: no visible global function definition for ‘rmvnorm’
    model.inadequacy: no visible global function definition for ‘rmvnorm’
    prob.psi1: no visible global function definition for ‘dmvnorm’
    prob.psi2: no visible global function definition for ‘dmvnorm’
    prob.theta: no visible global function definition for ‘dmvnorm’
    sample.theta: no visible global function definition for ‘rmvnorm’
Flavors: r-devel-linux-x86_64-debian-clang, r-devel-linux-x86_64-debian-gcc, r-devel-linux-x86_64-fedora-clang, r-devel-linux-x86_64-fedora-gcc, r-devel-osx-x86_64-clang, r-devel-windows-ix86+x86_64