Last updated on 2014-10-02 01:48:12.
Flavor | Version | Tinstall | Tcheck | Ttotal | Status | Flags |
---|---|---|---|---|---|---|
r-devel-linux-x86_64-debian-clang | 0.5.1 | 7.36 | 39.60 | 46.96 | NOTE | |
r-devel-linux-x86_64-debian-gcc | 0.5.1 | 9.59 | 39.31 | 48.90 | NOTE | |
r-devel-linux-x86_64-fedora-clang | 0.5.1 | 108.05 | NOTE | |||
r-devel-linux-x86_64-fedora-gcc | 0.5.1 | 106.15 | NOTE | |||
r-devel-osx-x86_64-clang | 0.5.1 | 97.48 | OK | |||
r-devel-windows-ix86+x86_64 | 0.5.1 | 30.00 | 156.00 | 186.00 | NOTE | |
r-patched-linux-x86_64 | 0.5.1 | 10.12 | 41.56 | 51.68 | NOTE | |
r-release-linux-ix86 | 0.5.1 | 13.22 | 61.92 | 75.14 | NOTE | |
r-release-linux-x86_64 | 0.5.1 | 8.89 | 42.29 | 51.18 | NOTE | |
r-release-osx-x86_64-mavericks | 0.5.1 | NOTE | ||||
r-release-osx-x86_64-snowleopard | 0.5.1 | NOTE | ||||
r-release-windows-ix86+x86_64 | 0.5.1 | 31.00 | 171.00 | 202.00 | NOTE | |
r-oldrel-windows-ix86+x86_64 | 0.5.1 | 32.00 | 171.00 | 203.00 | NOTE |
Version: 0.5.1
Check: installed package size
Result: NOTE
installed size is 24.8Mb
sub-directories of 1Mb or more:
libs 24.4Mb
Flavors: r-devel-linux-x86_64-debian-clang, r-devel-linux-x86_64-debian-gcc, r-devel-linux-x86_64-fedora-clang, r-devel-linux-x86_64-fedora-gcc, r-devel-windows-ix86+x86_64, r-patched-linux-x86_64, r-release-linux-ix86, r-release-linux-x86_64, r-release-osx-x86_64-mavericks, r-release-osx-x86_64-snowleopard, r-release-windows-ix86+x86_64, r-oldrel-windows-ix86+x86_64