Last updated on 2014-10-02 01:48:12.
Flavor | Version | Tinstall | Tcheck | Ttotal | Status | Flags |
---|---|---|---|---|---|---|
r-devel-linux-x86_64-debian-clang | 1.0.3 | 0.59 | 11.67 | 12.26 | NOTE | |
r-devel-linux-x86_64-debian-gcc | 1.0.3 | 0.54 | 11.41 | 11.96 | NOTE | |
r-devel-linux-x86_64-fedora-clang | 1.0.3 | 25.01 | NOTE | |||
r-devel-linux-x86_64-fedora-gcc | 1.0.3 | 22.11 | NOTE | |||
r-devel-osx-x86_64-clang | 1.0.3 | 23.76 | OK | |||
r-devel-windows-ix86+x86_64 | 1.0.3 | 2.00 | 19.00 | 21.00 | OK | |
r-patched-linux-x86_64 | 1.0.3 | 0.69 | 11.89 | 12.58 | NOTE | |
r-patched-solaris-sparc | 1.0.3 | 140.20 | OK | |||
r-patched-solaris-x86 | 1.0.3 | 35.40 | OK | |||
r-release-linux-ix86 | 1.0.3 | 0.82 | 17.90 | 18.72 | OK | |
r-release-linux-x86_64 | 1.0.3 | 0.54 | 11.66 | 12.20 | NOTE | |
r-release-osx-x86_64-mavericks | 1.0.3 | OK | ||||
r-release-windows-ix86+x86_64 | 1.0.3 | 3.00 | 19.00 | 22.00 | OK | |
r-oldrel-windows-ix86+x86_64 | 1.0.3 | 2.00 | 19.00 | 21.00 | OK |
Version: 1.0.3
Check: Rd line widths
Result: NOTE
Rd file 'beq.lin.Rd':
\examples lines wider than 100 characters:
plot(x,h_sol0,type="l",lty=1,main=paste("Water Surface Elevetion after",t,"days",sep=" "),xlab="x[m]",ylab="h[m]")
Rd file 'beq.song.Rd':
\examples lines wider than 100 characters:
plot(x,h_sol1,type="l",lty=1,main="Water Surface Elevetion (Song at's solution) ",xlab="x[m]",ylab="h[m]")
These lines will be truncated in the PDF manual.
Flavors: r-devel-linux-x86_64-debian-clang, r-devel-linux-x86_64-debian-gcc, r-devel-linux-x86_64-fedora-clang, r-devel-linux-x86_64-fedora-gcc, r-patched-linux-x86_64, r-release-linux-x86_64