Last updated on 2014-10-02 01:48:12.
Flavor | Version | Tinstall | Tcheck | Ttotal | Status | Flags |
---|---|---|---|---|---|---|
r-devel-linux-x86_64-debian-clang | 1.2.3 | 0.66 | 14.30 | 14.95 | NOTE | |
r-devel-linux-x86_64-debian-gcc | 1.2.3 | 0.62 | 13.94 | 14.56 | NOTE | |
r-devel-linux-x86_64-fedora-clang | 1.2.3 | 27.98 | NOTE | |||
r-devel-linux-x86_64-fedora-gcc | 1.2.3 | 25.68 | NOTE | |||
r-devel-osx-x86_64-clang | 1.2.3 | 27.19 | OK | |||
r-devel-windows-ix86+x86_64 | 1.2.3 | 2.00 | 21.00 | 23.00 | OK | |
r-patched-linux-x86_64 | 1.2.3 | 0.66 | 14.80 | 15.46 | NOTE | |
r-patched-solaris-sparc | 1.2.3 | 159.20 | OK | |||
r-patched-solaris-x86 | 1.2.3 | 40.10 | OK | |||
r-release-linux-ix86 | 1.2.3 | 0.92 | 19.55 | 20.47 | OK | |
r-release-linux-x86_64 | 1.2.3 | 0.74 | 13.70 | 14.44 | NOTE | |
r-release-osx-x86_64-mavericks | 1.2.3 | OK | ||||
r-release-windows-ix86+x86_64 | 1.2.3 | 2.00 | 23.00 | 25.00 | OK | |
r-oldrel-windows-ix86+x86_64 | 1.2.3 | 2.00 | 22.00 | 24.00 | OK |
Version: 1.2.3
Check: Rd line widths
Result: NOTE
Rd file 'mdcc.Rd':
\examples lines wider than 100 characters:
dc.mov2 <- mdcc(rt.spruce, list(rt.temp, rt.prec), vnames = c("temp", "prec"), method = "corr", win.size = 20,
These lines will be truncated in the PDF manual.
Flavors: r-devel-linux-x86_64-debian-clang, r-devel-linux-x86_64-debian-gcc, r-devel-linux-x86_64-fedora-clang, r-devel-linux-x86_64-fedora-gcc, r-patched-linux-x86_64, r-release-linux-x86_64