CRAN Package Check Results for Package birdring

Last updated on 2014-10-02 01:48:12.

Flavor Version Tinstall Tcheck Ttotal Status Flags
r-devel-linux-x86_64-debian-clang 1.2 5.93 65.40 71.34 OK
r-devel-linux-x86_64-debian-gcc 1.2 5.76 63.50 69.26 OK
r-devel-linux-x86_64-fedora-clang 1.2 160.80 OK
r-devel-linux-x86_64-fedora-gcc 1.2 156.33 OK
r-devel-osx-x86_64-clang 1.2 117.33 OK
r-devel-windows-ix86+x86_64 1.2 16.00 92.00 108.00 OK
r-patched-linux-x86_64 1.2 6.17 68.32 74.49 OK
r-patched-solaris-sparc 1.2 852.20 OK
r-patched-solaris-x86 1.2 233.00 OK
r-release-linux-ix86 1.2 8.13 84.93 93.06 OK
r-release-linux-x86_64 1.2 6.50 68.21 74.70 OK
r-release-osx-x86_64-mavericks 1.2 ERROR
r-release-osx-x86_64-snowleopard 1.2 OK
r-release-windows-ix86+x86_64 1.2 18.00 100.00 118.00 OK
r-oldrel-windows-ix86+x86_64 1.2 18.00 103.00 121.00 OK

Check Details

Version: 1.2
Check: package dependencies
Result: ERROR
    Packages required but not available: ‘rgdal’ ‘rgeos’
    
    See the information on DESCRIPTION files in the chapter ‘Creating R
    packages’ of the ‘Writing R Extensions’ manual.
Flavor: r-release-osx-x86_64-mavericks