CRAN Package Check Results for Package bigml

Last updated on 2014-10-02 01:48:12.

Flavor Version Tinstall Tcheck Ttotal Status Flags
r-devel-linux-x86_64-debian-clang 0.1-1 1.60 20.65 22.25 NOTE
r-devel-linux-x86_64-debian-gcc 0.1-1 1.81 20.00 21.81 NOTE
r-devel-linux-x86_64-fedora-clang 0.1-1 46.69 NOTE
r-devel-linux-x86_64-fedora-gcc 0.1-1 42.82 NOTE
r-devel-osx-x86_64-clang 0.1-1 44.33 OK
r-devel-windows-ix86+x86_64 0.1-1 4.00 33.00 37.00 OK
r-patched-linux-x86_64 0.1-1 1.62 20.97 22.59 NOTE
r-patched-solaris-sparc 0.1-1 267.50 OK
r-patched-solaris-x86 0.1-1 62.40 OK
r-release-linux-ix86 0.1-1 2.10 28.03 30.12 OK
r-release-linux-x86_64 0.1-1 1.74 20.86 22.60 NOTE
r-release-osx-x86_64-mavericks 0.1-1 OK
r-release-windows-ix86+x86_64 0.1-1 6.00 35.00 41.00 OK
r-oldrel-windows-ix86+x86_64 0.1-1 6.00 35.00 41.00 OK

Check Details

Version: 0.1-1
Check: top-level files
Result: NOTE
    Non-standard file/directory found at top level:
     ‘man-roxygen’
Flavors: r-devel-linux-x86_64-debian-clang, r-devel-linux-x86_64-debian-gcc, r-devel-linux-x86_64-fedora-clang, r-devel-linux-x86_64-fedora-gcc, r-patched-linux-x86_64, r-release-linux-x86_64

Version: 0.1-1
Check: Rd line widths
Result: NOTE
    Rd file 'bigml-package.Rd':
     \examples lines wider than 100 characters:
     quickPrediction(model, c(Petal.Width=0.2, Petal.Length=1.4), username='someuser', api_key='somekey')
    
    These lines will be truncated in the PDF manual.
Flavors: r-devel-linux-x86_64-debian-clang, r-devel-linux-x86_64-debian-gcc, r-devel-linux-x86_64-fedora-clang, r-devel-linux-x86_64-fedora-gcc, r-patched-linux-x86_64, r-release-linux-x86_64