Last updated on 2014-10-02 01:48:12.
Flavor | Version | Tinstall | Tcheck | Ttotal | Status | Flags |
---|---|---|---|---|---|---|
r-devel-linux-x86_64-debian-clang | 0.1-3 | 5.60 | 19.26 | 24.86 | NOTE | |
r-devel-linux-x86_64-debian-gcc | 0.1-3 | 4.94 | 19.54 | 24.48 | NOTE | |
r-devel-linux-x86_64-fedora-clang | 0.1-3 | 43.27 | NOTE | |||
r-devel-linux-x86_64-fedora-gcc | 0.1-3 | 40.14 | NOTE | |||
r-devel-osx-x86_64-clang | 0.1-3 | 45.77 | NOTE | |||
r-patched-linux-x86_64 | 0.1-3 | 5.46 | 21.01 | 26.47 | NOTE | |
r-patched-solaris-sparc | 0.1-3 | 269.40 | OK | |||
r-patched-solaris-x86 | 0.1-3 | 69.80 | OK | |||
r-release-linux-ix86 | 0.1-3 | 7.45 | 26.75 | 34.20 | OK | |
r-release-linux-x86_64 | 0.1-3 | 5.20 | 20.54 | 25.75 | NOTE | |
r-release-osx-x86_64-mavericks | 0.1-3 | ERROR | ||||
r-release-osx-x86_64-snowleopard | 0.1-3 | NOTE |
Version: 0.1-3
Check: top-level files
Result: NOTE
Non-standard files/directories found at top level:
‘ax_blas.m4’ ‘ax_lapack.m4’ ‘configure.alt’ ‘configure.alt.ac’
Flavors: r-devel-linux-x86_64-debian-clang, r-devel-linux-x86_64-debian-gcc, r-devel-linux-x86_64-fedora-clang, r-devel-linux-x86_64-fedora-gcc, r-patched-linux-x86_64, r-release-linux-x86_64
Version: 0.1-3
Check: R code for possible problems
Result: NOTE
bigGP.init: no visible global function definition for ‘init.sprng’
Flavors: r-devel-linux-x86_64-debian-clang, r-devel-linux-x86_64-debian-gcc, r-devel-linux-x86_64-fedora-clang, r-devel-linux-x86_64-fedora-gcc, r-devel-osx-x86_64-clang, r-release-osx-x86_64-snowleopard
Version: 0.1-3
Check: package dependencies
Result: ERROR
Package required but not available: ‘Rmpi’
Package suggested but not available for checking: ‘rsprng’
See the information on DESCRIPTION files in the chapter ‘Creating R
packages’ of the ‘Writing R Extensions’ manual.
Flavor: r-release-osx-x86_64-mavericks
Version: 0.1-3
Check: package dependencies
Result: NOTE
Package suggested but not available for checking: ‘rsprng’
Flavor: r-release-osx-x86_64-snowleopard