Last updated on 2014-10-02 01:48:12.
Flavor | Version | Tinstall | Tcheck | Ttotal | Status | Flags |
---|---|---|---|---|---|---|
r-devel-linux-x86_64-debian-clang | 0.0-27 | 21.88 | 54.21 | 76.09 | NOTE | |
r-devel-linux-x86_64-debian-gcc | 0.0-27 | 26.44 | 51.74 | 78.18 | NOTE | |
r-devel-linux-x86_64-fedora-clang | 0.0-27 | 150.88 | NOTE | |||
r-devel-linux-x86_64-fedora-gcc | 0.0-27 | 143.26 | NOTE | |||
r-devel-osx-x86_64-clang | 0.0-27 | 125.21 | NOTE | |||
r-devel-windows-ix86+x86_64 | 0.0-27 | 93.00 | 154.00 | 247.00 | NOTE | |
r-patched-linux-x86_64 | 0.0-27 | 27.13 | 54.68 | 81.81 | NOTE | |
r-patched-solaris-sparc | 0.0-27 | 735.90 | NOTE | --no-tests | ||
r-patched-solaris-x86 | 0.0-27 | 203.00 | NOTE | |||
r-release-linux-ix86 | 0.0-27 | 34.76 | 75.84 | 110.60 | NOTE | |
r-release-linux-x86_64 | 0.0-27 | 27.19 | 55.71 | 82.90 | NOTE | |
r-release-osx-x86_64-mavericks | 0.0-27 | NOTE | ||||
r-release-osx-x86_64-snowleopard | 0.0-27 | OK | ||||
r-release-windows-ix86+x86_64 | 0.0-27 | 90.00 | 158.00 | 248.00 | NOTE | |
r-oldrel-windows-ix86+x86_64 | 0.0-27 | 91.00 | 160.00 | 251.00 | NOTE |
Memtest notes: valgrind
Version: 0.0-27
Check: package dependencies
Result: NOTE
Package suggested but not available for checking: ‘mfp’
Flavors: r-devel-linux-x86_64-debian-clang, r-devel-linux-x86_64-debian-gcc, r-devel-linux-x86_64-fedora-clang, r-devel-linux-x86_64-fedora-gcc, r-devel-osx-x86_64-clang, r-patched-linux-x86_64, r-patched-solaris-x86, r-release-linux-ix86, r-release-linux-x86_64
Version: 0.0-27
Check: dependencies in R code
Result: NOTE
Package in Depends field not imported from: ‘Rcpp’
These packages need to be imported from (in the NAMESPACE file)
for when this namespace is loaded but not attached.
See the information on DESCRIPTION files in the chapter ‘Creating R
packages’ of the ‘Writing R Extensions’ manual.
Flavors: r-devel-linux-x86_64-debian-clang, r-devel-linux-x86_64-debian-gcc, r-devel-linux-x86_64-fedora-clang, r-devel-linux-x86_64-fedora-gcc, r-devel-osx-x86_64-clang, r-devel-windows-ix86+x86_64, r-patched-linux-x86_64, r-patched-solaris-x86, r-release-linux-ix86, r-release-linux-x86_64, r-release-osx-x86_64-mavericks, r-release-windows-ix86+x86_64, r-oldrel-windows-ix86+x86_64
Version: 0.0-27
Flags: --no-tests
Check: package dependencies
Result: NOTE
Package suggested but not available for checking: ‘mfp’
Flavor: r-patched-solaris-sparc
Version: 0.0-27
Flags: --no-tests
Check: dependencies in R code
Result: NOTE
Package in Depends field not imported from: ‘Rcpp’
These packages need to be imported from (in the NAMESPACE file)
for when this namespace is loaded but not attached.
See the information on DESCRIPTION files in the chapter ‘Creating R
packages’ of the ‘Writing R Extensions’ manual.
Flavor: r-patched-solaris-sparc