Last updated on 2014-10-02 01:48:11.
Flavor | Version | Tinstall | Tcheck | Ttotal | Status | Flags |
---|---|---|---|---|---|---|
r-devel-linux-x86_64-debian-clang | 0.2.3 | 0.78 | 26.78 | 27.56 | NOTE | |
r-devel-linux-x86_64-debian-gcc | 0.2.3 | 0.69 | 25.21 | 25.90 | NOTE | |
r-devel-linux-x86_64-fedora-clang | 0.2.3 | 57.65 | NOTE | |||
r-devel-linux-x86_64-fedora-gcc | 0.2.3 | 54.42 | NOTE | |||
r-devel-osx-x86_64-clang | 0.2.3 | 55.46 | NOTE | |||
r-devel-windows-ix86+x86_64 | 0.2.3 | 2.00 | 41.00 | 43.00 | NOTE | |
r-patched-linux-x86_64 | 0.2.3 | 0.72 | 27.48 | 28.20 | NOTE | |
r-patched-solaris-sparc | 0.2.3 | 338.30 | NOTE | |||
r-patched-solaris-x86 | 0.2.3 | 69.50 | NOTE | |||
r-release-linux-ix86 | 0.2.3 | 1.00 | 35.82 | 36.82 | NOTE | |
r-release-linux-x86_64 | 0.2.3 | 0.70 | 27.90 | 28.60 | NOTE | |
r-release-osx-x86_64-mavericks | 0.2.3 | NOTE | ||||
r-release-windows-ix86+x86_64 | 0.2.3 | 3.00 | 42.00 | 45.00 | NOTE | |
r-oldrel-windows-ix86+x86_64 | 0.2.3 | 2.00 | 41.00 | 43.00 | NOTE |
Version: 0.2.3
Check: R code for possible problems
Result: NOTE
cable.Sig.ar.p: warning in ar(w.vect, aic = FALSE, order = p, demean =
TRUE, method = method): partial argument match of ‘order’ to
‘order.max’
cable.Sig.ar.p: warning in acf(w.vect, plot = FALSE, lag = p, demean =
TRUE): partial argument match of ‘lag’ to ‘lag.max’
cable.ar.p.iter: warning in nls(formula = y.vect ~ fullcable.t(t.vect,
b0, b1, b2, tau, gamm), trace = TRUE, alg = "plinear", start =
list(b0 = init[1], b1 = init[2], b2 = init[3], tau = init[4], gamm =
init[5])): partial argument match of ‘alg’ to ‘algorithm’
cable.ar.p.iter: warning in nls(formula = y.vect ~ fullcable.t(t.vect,
b0, b1, b2, tau, gamm), trace = TRUE, alg = "port", start = list(b0 =
init[1], b1 = init[2], b2 = init[3], tau = init[4], gamm = init[5])):
partial argument match of ‘alg’ to ‘algorithm’
stick.ar.0: warning in nls(formula = y.vect ~ fullcable.t(t.vect, b0,
b1, b2, tau, 0), alg = "plinear", start = list(b0 = init.vect[1], b1
= init.vect[2], b2 = init.vect[3], tau = init.vect[4]), trace =
TRUE): partial argument match of ‘alg’ to ‘algorithm’
stick.ar.0: warning in nls(formula = y.vect ~ fullcable.t(t.vect, b0,
b1, b2, tau, 0), alg = "port", start = list(b0 = init.vect[1], b1 =
init.vect[2], b2 = init.vect[3], tau = init.vect[4]), trace = TRUE):
partial argument match of ‘alg’ to ‘algorithm’
Flavors: r-devel-linux-x86_64-debian-clang, r-devel-linux-x86_64-debian-gcc, r-devel-linux-x86_64-fedora-clang, r-devel-linux-x86_64-fedora-gcc, r-devel-osx-x86_64-clang, r-devel-windows-ix86+x86_64, r-patched-linux-x86_64, r-patched-solaris-sparc, r-patched-solaris-x86, r-release-linux-ix86, r-release-linux-x86_64, r-release-osx-x86_64-mavericks, r-release-windows-ix86+x86_64, r-oldrel-windows-ix86+x86_64