Last updated on 2014-10-02 01:48:11.
Flavor | Version | Tinstall | Tcheck | Ttotal | Status | Flags |
---|---|---|---|---|---|---|
r-devel-linux-x86_64-debian-clang | 2.2-5 | 2.53 | 52.98 | 55.50 | NOTE | |
r-devel-linux-x86_64-debian-gcc | 2.2-5 | 2.33 | 51.98 | 54.31 | NOTE | |
r-devel-linux-x86_64-fedora-clang | 2.2-5 | 124.51 | NOTE | |||
r-devel-linux-x86_64-fedora-gcc | 2.2-5 | 120.20 | NOTE | |||
r-devel-osx-x86_64-clang | 2.2-5 | 79.37 | OK | |||
r-devel-windows-ix86+x86_64 | 2.2-5 | 12.00 | 97.00 | 109.00 | OK | |
r-patched-linux-x86_64 | 2.2-5 | 2.44 | 54.04 | 56.47 | NOTE | |
r-patched-solaris-sparc | 2.2-5 | 595.90 | OK | |||
r-patched-solaris-x86 | 2.2-5 | 120.30 | OK | |||
r-release-linux-ix86 | 2.2-5 | 3.38 | 68.91 | 72.29 | OK | |
r-release-linux-x86_64 | 2.2-5 | 2.38 | 54.52 | 56.90 | NOTE | |
r-release-osx-x86_64-mavericks | 2.2-5 | OK | ||||
r-release-windows-ix86+x86_64 | 2.2-5 | 15.00 | 108.00 | 123.00 | OK | |
r-oldrel-windows-ix86+x86_64 | 2.2-5 | 12.00 | 115.00 | 127.00 | OK |
Version: 2.2-5
Check: Rd line widths
Result: NOTE
Rd file 'rDPGibbs.Rd':
\examples lines wider than 100 characters:
plot(range(grid[,1]),1.5*range(dchisq(grid[,1],df=chisqdf)),type="n",xlab=paste("Chisq ; ",N," obs",sep=""), ylab="")
lines(grid[,1],dchisq(grid[,1],df=chisqdf)/(sum(dchisq(grid[,1],df=chisqdf))*deltax),col="blue",lwd=2)
{tden[i,j]=exp(-0.5*(A*(x1[i]^2)*(x2[j]^2)+(x1[i]^2)+(x2[j]^2)-2*B*x1[i]*x2[j]-2*C1*x1[i]-2*C2*x2[j]))}
Rd file 'summary.bayesm.mat.Rd':
\usage lines wider than 90 characters:
summary(object, names, burnin = trunc(0.1 * nrow(X)), tvalues, QUANTILES = TRUE, TRAILER = TRUE,...)
These lines will be truncated in the PDF manual.
Flavors: r-devel-linux-x86_64-debian-clang, r-devel-linux-x86_64-debian-gcc, r-devel-linux-x86_64-fedora-clang, r-devel-linux-x86_64-fedora-gcc, r-patched-linux-x86_64, r-release-linux-x86_64