Last updated on 2014-10-02 01:48:11.
Flavor | Version | Tinstall | Tcheck | Ttotal | Status | Flags |
---|---|---|---|---|---|---|
r-devel-linux-x86_64-debian-clang | 2.1-1 | 2.77 | 32.46 | 35.22 | NOTE | |
r-devel-linux-x86_64-debian-gcc | 2.1-1 | 2.71 | 32.58 | 35.28 | NOTE | |
r-devel-linux-x86_64-fedora-clang | 2.1-1 | 67.65 | NOTE | |||
r-devel-linux-x86_64-fedora-gcc | 2.1-1 | 63.78 | NOTE | |||
r-devel-osx-x86_64-clang | 2.1-1 | 63.94 | NOTE | |||
r-devel-windows-ix86+x86_64 | 2.1-1 | 14.00 | 70.00 | 84.00 | OK | |
r-patched-linux-x86_64 | 2.1-1 | 3.25 | 33.91 | 37.16 | NOTE | |
r-patched-solaris-sparc | 2.1-1 | 397.50 | OK | |||
r-patched-solaris-x86 | 2.1-1 | 93.30 | OK | |||
r-release-linux-ix86 | 2.1-1 | 4.24 | 53.75 | 57.99 | NOTE | |
r-release-linux-x86_64 | 2.1-1 | 3.23 | 34.10 | 37.33 | NOTE | |
r-release-osx-x86_64-mavericks | 2.1-1 | NOTE | ||||
r-release-osx-x86_64-snowleopard | 2.1-1 | NOTE | ||||
r-release-windows-ix86+x86_64 | 2.1-1 | 14.00 | 74.00 | 88.00 | OK | |
r-oldrel-windows-ix86+x86_64 | 2.1-1 | 15.00 | 74.00 | 89.00 | OK |
Version: 2.1-1
Check: installed package size
Result: NOTE
installed size is 5.5Mb
sub-directories of 1Mb or more:
ex-data 5.0Mb
Flavors: r-devel-linux-x86_64-debian-clang, r-devel-linux-x86_64-debian-gcc, r-devel-linux-x86_64-fedora-clang, r-devel-linux-x86_64-fedora-gcc, r-devel-osx-x86_64-clang, r-patched-linux-x86_64, r-release-linux-ix86, r-release-linux-x86_64, r-release-osx-x86_64-mavericks, r-release-osx-x86_64-snowleopard
Version: 2.1-1
Check: Rd cross-references
Result: NOTE
Package unavailable to check Rd xrefs: ‘rworldmap’
Flavor: r-release-osx-x86_64-mavericks