Last updated on 2014-10-02 01:48:11.
Flavor | Version | Tinstall | Tcheck | Ttotal | Status | Flags |
---|---|---|---|---|---|---|
r-devel-linux-x86_64-debian-clang | 1.0.4 | 2.53 | 47.51 | 50.04 | OK | |
r-devel-linux-x86_64-debian-gcc | 1.0.4 | 2.46 | 47.28 | 49.74 | OK | |
r-devel-linux-x86_64-fedora-clang | 1.0.4 | 107.62 | OK | |||
r-devel-linux-x86_64-fedora-gcc | 1.0.4 | 104.00 | OK | |||
r-devel-osx-x86_64-clang | 1.0.4 | 86.17 | OK | |||
r-devel-windows-ix86+x86_64 | 1.0.4 | 8.00 | 71.00 | 79.00 | OK | |
r-patched-linux-x86_64 | 1.0.4 | 2.65 | 49.26 | 51.91 | OK | |
r-patched-solaris-sparc | 1.0.4 | 598.50 | OK | |||
r-patched-solaris-x86 | 1.0.4 | 161.60 | OK | |||
r-release-linux-ix86 | 1.0.4 | 3.72 | 61.37 | 65.09 | OK | |
r-release-linux-x86_64 | 1.0.4 | 2.84 | 51.20 | 54.04 | OK | |
r-release-osx-x86_64-mavericks | 1.0.4 | NOTE | ||||
r-release-osx-x86_64-snowleopard | 1.0.4 | OK | ||||
r-release-windows-ix86+x86_64 | 1.0.4 | 9.00 | 70.00 | 79.00 | OK | |
r-oldrel-windows-ix86+x86_64 | 1.0.4 | 9.00 | 71.00 | 80.00 | OK |
Version: 1.0.4
Check: re-building of vignette outputs
Result: NOTE
Error in re-building vignettes:
...
Error in texi2dvi(file = file, pdf = TRUE, clean = clean, quiet = quiet, :
Running 'texi2dvi' on 'bartMachine_vignette.tex' failed.
LaTeX errors:
! LaTeX Error: File `phaistos.sty' not found.
Type X to quit or <RETURN> to proceed,
or enter new name. (Default extension: sty)
vign_test/bartMachine/vignettes/bartMachine_vignette.tex:12: ==> Fatal error o
ccurred, no output PDF file produced!
Calls: buildVignettes -> texi2pdf -> texi2dvi
Execution halted
Flavor: r-release-osx-x86_64-mavericks