Last updated on 2014-10-02 01:48:11.
Flavor | Version | Tinstall | Tcheck | Ttotal | Status | Flags |
---|---|---|---|---|---|---|
r-devel-linux-x86_64-debian-clang | 0.3-2 | 1.36 | 30.99 | 32.34 | NOTE | |
r-devel-linux-x86_64-debian-gcc | 0.3-2 | 1.01 | 30.71 | 31.72 | NOTE | |
r-devel-linux-x86_64-fedora-clang | 0.3-2 | 68.15 | NOTE | |||
r-devel-linux-x86_64-fedora-gcc | 0.3-2 | 67.97 | NOTE | |||
r-devel-osx-x86_64-clang | 0.3-2 | 63.38 | NOTE | |||
r-devel-windows-ix86+x86_64 | 0.3-2 | 15.00 | 55.00 | 70.00 | NOTE | |
r-patched-linux-x86_64 | 0.3-2 | 1.08 | 34.58 | 35.66 | NOTE | |
r-patched-solaris-sparc | 0.3-2 | 414.70 | NOTE | |||
r-patched-solaris-x86 | 0.3-2 | 93.90 | NOTE | |||
r-release-linux-ix86 | 0.3-2 | 1.74 | 45.06 | 46.80 | NOTE | |
r-release-linux-x86_64 | 0.3-2 | 1.13 | 32.56 | 33.70 | NOTE | |
r-release-osx-x86_64-mavericks | 0.3-2 | NOTE | ||||
r-release-windows-ix86+x86_64 | 0.3-2 | 15.00 | 56.00 | 71.00 | NOTE | |
r-oldrel-windows-ix86+x86_64 | 0.3-2 | 14.00 | 51.00 | 65.00 | NOTE |
Version: 0.3-2
Check: dependencies in R code
Result: NOTE
Packages in Depends field not imported from:
‘grid’ ‘lattice’ ‘methods’
These packages need to be imported from (in the NAMESPACE file)
for when this namespace is loaded but not attached.
See the information on DESCRIPTION files in the chapter ‘Creating R
packages’ of the ‘Writing R Extensions’ manual.
Flavors: r-devel-linux-x86_64-debian-clang, r-devel-linux-x86_64-debian-gcc, r-devel-linux-x86_64-fedora-clang, r-devel-linux-x86_64-fedora-gcc, r-devel-osx-x86_64-clang, r-devel-windows-ix86+x86_64, r-patched-linux-x86_64, r-patched-solaris-sparc, r-patched-solaris-x86
Version: 0.3-2
Check: R code for possible problems
Result: NOTE
.plot.cumreturn: no visible global function definition for ‘xyplot’
.plot.cumreturn.split : top.panel: no visible global function
definition for ‘pushViewport’
.plot.cumreturn.split : top.panel: no visible global function
definition for ‘viewport’
.plot.cumreturn.split : top.panel: no visible global function
definition for ‘grid.text’
.plot.cumreturn.split : top.panel: no visible global function
definition for ‘gpar’
.plot.cumreturn.split : top.panel: no visible global function
definition for ‘popViewport’
.plot.cumreturn.split : top.panel: no visible global function
definition for ‘panel.xyplot’
.plot.cumreturn.split : top.panel: no visible global function
definition for ‘panel.lines’
.plot.cumreturn.split: no visible global function definition for
‘xyplot’
.plot.cumreturn.split : bottom.panel: no visible global function
definition for ‘panel.superpose’
.plot.return: no visible global function definition for ‘barchart’
.plot.turnover: no visible global function definition for ‘xyplot’
Flavors: r-devel-linux-x86_64-debian-clang, r-devel-linux-x86_64-debian-gcc, r-devel-linux-x86_64-fedora-clang, r-devel-linux-x86_64-fedora-gcc, r-devel-osx-x86_64-clang, r-devel-windows-ix86+x86_64
Version: 0.3-2
Check: dependencies in R code
Result: NOTE
Packages in Depends field not imported from:
‘lattice’ ‘methods’
These packages need to be imported from (in the NAMESPACE file)
for when this namespace is loaded but not attached.
See the information on DESCRIPTION files in the chapter ‘Creating R
packages’ of the ‘Writing R Extensions’ manual.
Flavors: r-release-linux-ix86, r-release-linux-x86_64, r-release-osx-x86_64-mavericks, r-release-windows-ix86+x86_64, r-oldrel-windows-ix86+x86_64