Last updated on 2014-10-02 01:48:11.
Flavor | Version | Tinstall | Tcheck | Ttotal | Status | Flags |
---|---|---|---|---|---|---|
r-devel-linux-x86_64-debian-clang | 0.4 | 1.84 | 19.42 | 21.26 | NOTE | |
r-devel-linux-x86_64-debian-gcc | 0.4 | 1.99 | 19.72 | 21.71 | NOTE | |
r-devel-linux-x86_64-fedora-clang | 0.4 | 44.01 | NOTE | |||
r-devel-linux-x86_64-fedora-gcc | 0.4 | 42.88 | NOTE | |||
r-devel-osx-x86_64-clang | 0.4 | 40.98 | NOTE | |||
r-devel-windows-ix86+x86_64 | 0.4 | 9.00 | 39.00 | 48.00 | NOTE | |
r-patched-linux-x86_64 | 0.4 | 2.02 | 19.70 | 21.73 | OK | |
r-patched-solaris-sparc | 0.4 | 255.00 | OK | |||
r-patched-solaris-x86 | 0.4 | 59.70 | OK | |||
r-release-linux-ix86 | 0.4 | 2.64 | 26.66 | 29.30 | OK | |
r-release-linux-x86_64 | 0.4 | 1.94 | 20.18 | 22.12 | OK | |
r-release-osx-x86_64-mavericks | 0.4 | OK | ||||
r-release-osx-x86_64-snowleopard | 0.4 | OK | ||||
r-release-windows-ix86+x86_64 | 0.4 | 10.00 | 42.00 | 52.00 | OK | |
r-oldrel-windows-ix86+x86_64 | 0.4 | 10.00 | 42.00 | 52.00 | OK |
Version: 0.4
Check: R code for possible problems
Result: NOTE
aqDayOfWeekStat: no visible global function definition for ‘index’
aqDropHour: no visible global function definition for ‘index’
aqHourIndex: no visible global function definition for ‘index’
aqHourlyStat: no visible global function definition for ‘index’
aqStoreSeriesField: no visible global function definition for ‘index’
Flavors: r-devel-linux-x86_64-debian-clang, r-devel-linux-x86_64-debian-gcc, r-devel-linux-x86_64-fedora-clang, r-devel-linux-x86_64-fedora-gcc, r-devel-osx-x86_64-clang, r-devel-windows-ix86+x86_64