Last updated on 2014-10-02 01:48:11.
Flavor | Version | Tinstall | Tcheck | Ttotal | Status | Flags |
---|---|---|---|---|---|---|
r-devel-linux-x86_64-debian-clang | 2.2 | 6.05 | 76.73 | 82.78 | OK | |
r-devel-linux-x86_64-debian-gcc | 2.2 | 5.80 | 75.88 | 81.68 | OK | |
r-devel-linux-x86_64-fedora-clang | 2.2 | 207.46 | OK | |||
r-devel-linux-x86_64-fedora-gcc | 2.2 | 204.78 | OK | |||
r-devel-osx-x86_64-clang | 2.2 | 156.23 | OK | |||
r-devel-windows-ix86+x86_64 | 2.2 | 15.00 | 115.00 | 130.00 | OK | |
r-patched-linux-x86_64 | 2.2 | 6.09 | 81.11 | 87.20 | OK | |
r-patched-solaris-sparc | 2.2 | 981.20 | OK | |||
r-patched-solaris-x86 | 2.2 | 252.70 | OK | |||
r-release-linux-ix86 | 2.2 | 7.49 | 98.28 | 105.77 | OK | |
r-release-linux-x86_64 | 2.2 | 6.21 | 81.96 | 88.17 | OK | |
r-release-osx-x86_64-mavericks | 2.2 | ERROR | ||||
r-release-osx-x86_64-snowleopard | 2.2 | OK | ||||
r-release-windows-ix86+x86_64 | 2.2 | 21.00 | 129.00 | 150.00 | OK | |
r-oldrel-windows-ix86+x86_64 | 2.2 | 20.00 | 121.00 | 141.00 | OK |
Version: 2.2
Check: package dependencies
Result: ERROR
Package required but not available: ‘copula’
Packages suggested but not available for checking:
‘RGtk2’ ‘gWidgetsRGtk2’ ‘cairoDevice’
See the information on DESCRIPTION files in the chapter ‘Creating R
packages’ of the ‘Writing R Extensions’ manual.
Flavor: r-release-osx-x86_64-mavericks