CRAN Package Check Results for Package anametrix

Last updated on 2014-10-02 01:48:11.

Flavor Version Tinstall Tcheck Ttotal Status Flags
r-devel-linux-x86_64-debian-clang 1.6 1.54 22.28 23.83 NOTE
r-devel-linux-x86_64-debian-gcc 1.6 1.40 22.92 24.31 NOTE
r-devel-linux-x86_64-fedora-clang 1.6 43.52 NOTE
r-devel-linux-x86_64-fedora-gcc 1.6 41.58 NOTE
r-devel-osx-x86_64-clang 1.6 42.07 NOTE
r-devel-windows-ix86+x86_64 1.6 5.00 134.00 139.00 ERROR
r-patched-linux-x86_64 1.6 2.04 23.60 25.64 NOTE
r-patched-solaris-sparc 1.6 245.70 NOTE
r-patched-solaris-x86 1.6 61.40 NOTE
r-release-linux-ix86 1.6 2.00 30.88 32.89 NOTE
r-release-linux-x86_64 1.6 1.52 25.17 26.70 NOTE
r-release-osx-x86_64-mavericks 1.6 NOTE
r-release-osx-x86_64-snowleopard 1.6 OK
r-release-windows-ix86+x86_64 1.6 5.00 33.00 38.00 NOTE
r-oldrel-windows-ix86+x86_64 1.6 6.00 34.00 40.00 NOTE

Check Details

Version: 1.6
Check: dependencies in R code
Result: NOTE
    Packages in Depends field not imported from:
     ‘RCurl’ ‘XML’ ‘pastecs’
     These packages need to be imported from (in the NAMESPACE file)
     for when this namespace is loaded but not attached.
    See the information on DESCRIPTION files in the chapter ‘Creating R
    packages’ of the ‘Writing R Extensions’ manual.
Flavors: r-devel-linux-x86_64-debian-clang, r-devel-linux-x86_64-debian-gcc, r-devel-linux-x86_64-fedora-clang, r-devel-linux-x86_64-fedora-gcc, r-devel-osx-x86_64-clang, r-devel-windows-ix86+x86_64, r-patched-linux-x86_64, r-patched-solaris-sparc, r-patched-solaris-x86, r-release-linux-ix86, r-release-linux-x86_64, r-release-osx-x86_64-mavericks, r-release-windows-ix86+x86_64, r-oldrel-windows-ix86+x86_64

Version: 1.6
Check: R code for possible problems
Result: NOTE
    authenticate: no visible global function definition for ‘getURL’
    authenticate: no visible global function definition for ‘xmlTreeParse’
    authenticate: no visible global function definition for ‘xmlRoot’
    authenticate: no visible global function definition for ‘xmlAttrs’
    constructQueryXML: no visible global function definition for
     ‘curlEscape’
    constructQueryXML: no visible global function definition for
     ‘newXMLNode’
    constructQueryXML: no visible global function definition for ‘xmlAttrs’
    constructUploadXML: no visible global function definition for
     ‘curlEscape’
    constructUploadXML: no visible global function definition for
     ‘newXMLNode’
    constructUploadXML: no visible global function definition for
     ‘xmlAttrs’
    constructUploadXML : <anonymous>: no visible global function definition
     for ‘newXMLNode’
    getAxDataset: no visible global function definition for
     ‘toString.XMLNode’
    getAxDataset: no visible global function definition for ‘getCurlHandle’
    getAxDataset: no visible global function definition for ‘getURL’
    getAxDataset: no visible global function definition for
     ‘chunkToLineReader’
    getAxDatasetFromEncodedQuery: no visible global function definition for
     ‘xmlTreeParse’
    getAxDatasetFromEncodedQuery: no visible global function definition for
     ‘base64Decode’
    getAxDatasetFromEncodedQuery: no visible global function definition for
     ‘xmlRoot’
    getAxDatasetFromEncodedQuery: no visible global function definition for
     ‘xmlAttrs’
    getAxDatasetFromEncodedQuery: no visible global function definition for
     ‘xmlAttrs<-’
    getAxDatasetFromEncodedQuery: no visible global function definition for
     ‘xmlNode’
    getAxDatasetFromEncodedQuery: no visible global function definition for
     ‘xmlSize’
    getAxDatasetFromEncodedQuery: no visible global function definition for
     ‘getCurlHandle’
    getAxDatasetFromEncodedQuery: no visible global function definition for
     ‘curlEscape’
    getAxDatasetFromEncodedQuery: no visible global function definition for
     ‘getURI’
    getAxDatasetFromEncodedQuery: no visible global function definition for
     ‘chunkToLineReader’
    getColumnTypeId: no visible global function definition for ‘xmlSize’
    getColumnTypeId: no visible global function definition for ‘xmlAttrs’
    getFullTableListXML: no visible global function definition for
     ‘curlEscape’
    getFullTableListXML: no visible global function definition for ‘getURL’
    getFullTableListXML: no visible global function definition for
     ‘xmlTreeParse’
    getFullTableListXML: no visible global function definition for
     ‘xmlRoot’
    getTableConfiguration: no visible global function definition for
     ‘xmlSize’
    getTableConfiguration: no visible global function definition for
     ‘xmlAttrs’
    populateSummaryStatisticsTable: no visible global function definition
     for ‘xmlSize’
    populateSummaryStatisticsTable: no visible global function definition
     for ‘xmlAttrs’
    populateSummaryStatisticsTable: no visible global function definition
     for ‘stat.desc’
    printTable: no visible global function definition for ‘xmlAttrs’
    printTable: no visible global function definition for ‘xmlSize’
    uploadData: no visible global function definition for
     ‘toString.XMLNode’
    uploadData: no visible global function definition for ‘getCurlHandle’
    uploadData: no visible global function definition for ‘getURL’
Flavors: r-devel-linux-x86_64-debian-clang, r-devel-linux-x86_64-debian-gcc, r-devel-linux-x86_64-fedora-clang, r-devel-linux-x86_64-fedora-gcc, r-devel-osx-x86_64-clang, r-devel-windows-ix86+x86_64

Version: 1.6
Check: examples
Result: ERROR
    Running examples in 'anametrix-Ex.R' failed
    The error most likely occurred in:
    
    > ### Name: getAxDataset
    > ### Title: Extracts data from Anametrix API into R data structure
    > ### Aliases: getAxDataset authenticate getFullTableListXML
    > ### getTableConfiguration constructQueryXML queryReader getDBDateFormat
    > ### randomAlphaNumericUID getColumnTypeId isdefined
    > ### Keywords: connection database
    >
    > ### ** Examples
    >
    > #Example: Extracting 3 columns from Browsers table from Anametrix API
    >
    > username = "demo.user@demoanametrix.com"
    > password = "demo.user"
    > auth <- authenticate("https://demo.anametrix.com/api", username, password)
    Connected...
    > table <- getTableConfiguration(auth, 10385, "Browsers")
    Error in function (type, msg, asError = TRUE) :
     Operation timed out after 100000 milliseconds with 69820 bytes received
    Calls: getTableConfiguration ... getURL -> curlPerform -> .Call -> <Anonymous> -> fun
    Execution halted
Flavor: r-devel-windows-ix86+x86_64