Last updated on 2014-10-02 01:48:10.
Flavor | Version | Tinstall | Tcheck | Ttotal | Status | Flags |
---|---|---|---|---|---|---|
r-devel-linux-x86_64-debian-clang | 2.0-3 | 0.70 | 12.86 | 13.56 | NOTE | |
r-devel-linux-x86_64-debian-gcc | 2.0-3 | 0.65 | 12.87 | 13.52 | NOTE | |
r-devel-linux-x86_64-fedora-clang | 2.0-3 | 26.53 | NOTE | |||
r-devel-linux-x86_64-fedora-gcc | 2.0-3 | 24.84 | NOTE | |||
r-devel-osx-x86_64-clang | 2.0-3 | 27.72 | OK | |||
r-devel-windows-ix86+x86_64 | 2.0-3 | 3.00 | 20.00 | 23.00 | OK | |
r-patched-linux-x86_64 | 2.0-3 | 0.73 | 13.06 | 13.80 | NOTE | |
r-patched-solaris-sparc | 2.0-3 | 170.60 | OK | |||
r-patched-solaris-x86 | 2.0-3 | 38.70 | OK | |||
r-release-linux-ix86 | 2.0-3 | 1.03 | 18.87 | 19.90 | OK | |
r-release-linux-x86_64 | 2.0-3 | 0.68 | 13.45 | 14.13 | NOTE | |
r-release-osx-x86_64-mavericks | 2.0-3 | OK | ||||
r-release-windows-ix86+x86_64 | 2.0-3 | 3.00 | 21.00 | 24.00 | OK | |
r-oldrel-windows-ix86+x86_64 | 2.0-3 | 2.00 | 24.00 | 26.00 | OK |
Version: 2.0-3
Check: Rd line widths
Result: NOTE
Rd file 'ada.Rd':
\usage lines wider than 90 characters:
model.coef=TRUE,bag.shift=FALSE,max.iter=20,delta=10^(-10),verbose=FALSE,
These lines will be truncated in the PDF manual.
Flavors: r-devel-linux-x86_64-debian-clang, r-devel-linux-x86_64-debian-gcc, r-devel-linux-x86_64-fedora-clang, r-devel-linux-x86_64-fedora-gcc, r-patched-linux-x86_64, r-release-linux-x86_64