Last updated on 2014-10-02 01:48:10.
Flavor | Version | Tinstall | Tcheck | Ttotal | Status | Flags |
---|---|---|---|---|---|---|
r-devel-linux-x86_64-debian-clang | 1.0 | 153.10 | 83.00 | 236.10 | NOTE | |
r-devel-linux-x86_64-debian-gcc | 1.0 | 139.64 | 83.80 | 223.44 | NOTE | |
r-devel-linux-x86_64-fedora-clang | 1.0 | 623.37 | NOTE | |||
r-devel-linux-x86_64-fedora-gcc | 1.0 | 601.25 | NOTE | |||
r-devel-osx-x86_64-clang | 1.0 | 472.13 | NOTE | |||
r-devel-windows-ix86+x86_64 | 1.0 | 233.00 | 102.00 | 335.00 | NOTE | |
r-patched-linux-x86_64 | 1.0 | 137.88 | 84.15 | 222.03 | NOTE | |
r-patched-solaris-sparc | 1.0 | 3432.00 | NOTE | |||
r-patched-solaris-x86 | 1.0 | 1097.90 | NOTE | |||
r-release-linux-ix86 | 1.0 | 163.15 | 102.22 | 265.37 | NOTE | |
r-release-linux-x86_64 | 1.0 | 136.44 | 83.14 | 219.58 | NOTE | |
r-release-osx-x86_64-mavericks | 1.0 | NOTE | ||||
r-release-osx-x86_64-snowleopard | 1.0 | NOTE | ||||
r-release-windows-ix86+x86_64 | 1.0 | 266.00 | 99.00 | 365.00 | NOTE | |
r-oldrel-windows-ix86+x86_64 | 1.0 | 155.00 | 95.00 | 250.00 | NOTE |
Version: 1.0
Check: installed package size
Result: NOTE
installed size is 13.7Mb
sub-directories of 1Mb or more:
R 13.6Mb
Flavors: r-devel-linux-x86_64-debian-clang, r-devel-linux-x86_64-debian-gcc, r-devel-linux-x86_64-fedora-clang, r-devel-linux-x86_64-fedora-gcc, r-devel-osx-x86_64-clang, r-devel-windows-ix86+x86_64, r-patched-linux-x86_64, r-patched-solaris-sparc, r-patched-solaris-x86, r-release-linux-ix86, r-release-linux-x86_64, r-release-osx-x86_64-mavericks, r-release-osx-x86_64-snowleopard, r-release-windows-ix86+x86_64, r-oldrel-windows-ix86+x86_64