Last updated on 2014-10-02 01:48:10.
Flavor | Version | Tinstall | Tcheck | Ttotal | Status | Flags |
---|---|---|---|---|---|---|
r-devel-linux-x86_64-debian-clang | 1.3-3.3 | 2.19 | 9.30 | 11.49 | NOTE | |
r-devel-linux-x86_64-debian-gcc | 1.3-3.3 | 2.31 | 8.90 | 11.22 | NOTE | |
r-devel-linux-x86_64-fedora-clang | 1.3-3.3 | 21.55 | NOTE | |||
r-devel-linux-x86_64-fedora-gcc | 1.3-3.3 | 20.47 | NOTE | |||
r-devel-osx-x86_64-clang | 1.3-3.3 | 24.47 | OK | |||
r-devel-windows-ix86+x86_64 | 1.3-3.3 | 8.00 | 19.00 | 27.00 | OK | |
r-patched-linux-x86_64 | 1.3-3.3 | 2.16 | 9.22 | 11.37 | NOTE | |
r-patched-solaris-sparc | 1.3-3.3 | 126.70 | OK | |||
r-patched-solaris-x86 | 1.3-3.3 | 34.60 | OK | |||
r-release-linux-ix86 | 1.3-3.3 | 3.40 | 14.58 | 17.98 | OK | |
r-release-linux-x86_64 | 1.3-3.3 | 2.44 | 8.90 | 11.34 | NOTE | |
r-release-osx-x86_64-mavericks | 1.3-3.3 | OK | ||||
r-release-windows-ix86+x86_64 | 1.3-3.3 | 11.00 | 20.00 | 31.00 | OK | |
r-oldrel-windows-ix86+x86_64 | 1.3-3.3 | 9.00 | 19.00 | 28.00 | OK |
Version: 1.3-3.3
Check: top-level files
Result: NOTE
Non-standard files/directories found at top level:
‘README.ace’ ‘README.avas’ ‘ace.doc’
Flavors: r-devel-linux-x86_64-debian-clang, r-devel-linux-x86_64-debian-gcc, r-devel-linux-x86_64-fedora-clang, r-devel-linux-x86_64-fedora-gcc, r-patched-linux-x86_64, r-release-linux-x86_64