Last updated on 2014-10-02 01:48:31.
Flavor | Version | Tinstall | Tcheck | Ttotal | Status | Flags |
---|---|---|---|---|---|---|
r-devel-linux-x86_64-debian-clang | 0.8-1 | 1.64 | 33.66 | 35.30 | NOTE | |
r-devel-linux-x86_64-debian-gcc | 0.8-1 | 1.64 | 32.18 | 33.82 | NOTE | |
r-devel-linux-x86_64-fedora-clang | 0.8-1 | 75.50 | NOTE | |||
r-devel-linux-x86_64-fedora-gcc | 0.8-1 | 71.59 | NOTE | |||
r-devel-osx-x86_64-clang | 0.8-1 | 65.41 | NOTE | |||
r-devel-windows-ix86+x86_64 | 0.8-1 | 6.00 | 53.00 | 59.00 | NOTE | |
r-patched-linux-x86_64 | 0.8-1 | 1.76 | 34.87 | 36.63 | OK | |
r-patched-solaris-sparc | 0.8-1 | 417.20 | OK | |||
r-patched-solaris-x86 | 0.8-1 | 97.20 | OK | |||
r-release-linux-ix86 | 0.8-1 | 2.44 | 44.94 | 47.38 | OK | |
r-release-linux-x86_64 | 0.8-1 | 1.85 | 35.04 | 36.89 | OK | |
r-release-osx-x86_64-mavericks | 0.8-1 | NOTE | ||||
r-release-osx-x86_64-snowleopard | 0.8-1 | NOTE | ||||
r-release-windows-ix86+x86_64 | 0.8-1 | 6.00 | 53.00 | 59.00 | OK | |
r-oldrel-windows-ix86+x86_64 | 0.8-1 | 7.00 | 53.00 | 60.00 | OK |
Version: 0.8-1
Check: R code for possible problems
Result: NOTE
param.blogit: no visible global function definition for ‘mvrnorm’
param.bprobit: no visible global function definition for ‘mvrnorm’
param.mlogit: no visible global function definition for ‘mvrnorm’
param.ologit: no visible global function definition for ‘mvrnorm’
param.oprobit: no visible global function definition for ‘mvrnorm’
plot.sim.blogit: no visible global function definition for ‘kde2d’
plot.sim.bprobit: no visible global function definition for ‘kde2d’
qi.blogit: no visible global function definition for ‘GetObject’
qi.bprobit: no visible global function definition for ‘GetObject’
qi.mlogit: no visible global function definition for ‘GetObject’
zelig2blogit: no visible global function definition for ‘parse.formula’
zelig2blogit: no visible global function definition for ‘cmvglm’
zelig2blogit: no visible global function definition for
‘zeligBuildWeights’
zelig2bprobit: no visible global function definition for
‘parse.formula’
zelig2bprobit: no visible global function definition for ‘cmvglm’
zelig2bprobit: no visible global function definition for
‘zeligBuildWeights’
zelig2mlogit: no visible global function definition for ‘parse.formula’
zelig2mlogit: no visible global function definition for ‘cmvglm’
zelig2mlogit: no visible global function definition for
‘zeligBuildWeights’
zelig2ologit: no visible global function definition for
‘zeligBuildWeights’
zelig2oprobit: no visible global function definition for
‘zeligBuildWeights’
Flavors: r-devel-linux-x86_64-debian-clang, r-devel-linux-x86_64-debian-gcc, r-devel-linux-x86_64-fedora-clang, r-devel-linux-x86_64-fedora-gcc, r-devel-osx-x86_64-clang, r-devel-windows-ix86+x86_64
Version: 0.8-1
Check: re-building of vignette outputs
Result: NOTE
Error in re-building vignettes:
...
logit, simplex
The following objects are masked from ‘package:stats’:
case.names, coef, coefficients, df.residual, dfbeta, fitted,
fitted.values, formula, hatvalues, poly, residuals, variable.names,
weights
The following objects are masked from ‘package:base’:
identity, scale.default
Error in texi2dvi(file = file, pdf = TRUE, clean = clean, quiet = quiet, :
Running 'texi2dvi' on 'ZeligChoice-manual.tex' failed.
LaTeX errors:
! LaTeX Error: File `xy.sty' not found.
Type X to quit or <RETURN> to proceed,
or enter new name. (Default extension: sty)
vign_test/ZeligChoice/vignettes/ZeligChoice-manual.tex:14: ==> Fatal error occ
urred, no output PDF file produced!
Calls: buildVignettes -> texi2pdf -> texi2dvi
Execution halted
Flavor: r-release-osx-x86_64-mavericks
Version: 0.8-1
Check: re-building of vignette outputs
Result: NOTE
Error in re-building vignettes:
...
Max
The following objects are masked from 'package:boot':
logit, simplex
The following objects are masked from 'package:stats':
case.names, coef, coefficients, df.residual, dfbeta, fitted,
fitted.values, formula, hatvalues, poly, residuals, variable.names,
weights
The following objects are masked from 'package:base':
identity, scale.default
Error in texi2dvi(file = file, pdf = TRUE, clean = clean, quiet = quiet, :
Running 'texi2dvi' on 'ZeligChoice-manual.tex' failed.
LaTeX errors:
! LaTeX Error: File `xy.sty' not found.
Type X to quit or <RETURN> to proceed,
or enter new name. (Default extension: sty)
Calls: buildVignettes -> texi2pdf -> texi2dvi
Execution halted
Flavor: r-release-osx-x86_64-snowleopard