Last updated on 2014-10-02 01:48:31.
Flavor | Version | Tinstall | Tcheck | Ttotal | Status | Flags |
---|---|---|---|---|---|---|
r-devel-linux-x86_64-debian-clang | 1.6.1 | 2.50 | 60.44 | 62.95 | OK | |
r-devel-linux-x86_64-debian-gcc | 1.6.1 | 2.40 | 55.60 | 58.00 | OK | |
r-devel-linux-x86_64-fedora-clang | 1.6.1 | 121.11 | OK | |||
r-devel-linux-x86_64-fedora-gcc | 1.6.1 | 113.40 | OK | |||
r-devel-osx-x86_64-clang | 1.6.1 | 103.57 | OK | |||
r-devel-windows-ix86+x86_64 | 1.6.1 | 8.00 | 83.00 | 91.00 | OK | |
r-patched-linux-x86_64 | 1.6.1 | 2.72 | 58.71 | 61.43 | OK | |
r-patched-solaris-sparc | 1.6.1 | 687.90 | OK | |||
r-patched-solaris-x86 | 1.6.1 | 142.50 | OK | |||
r-release-linux-ix86 | 1.6.1 | 3.22 | 73.30 | 76.52 | OK | |
r-release-linux-x86_64 | 1.6.1 | 2.67 | 58.68 | 61.35 | OK | |
r-release-osx-x86_64-mavericks | 1.6.1 | NOTE | ||||
r-release-osx-x86_64-snowleopard | 1.6.1 | OK | ||||
r-release-windows-ix86+x86_64 | 1.6.1 | 10.00 | 83.00 | 93.00 | OK | |
r-oldrel-windows-ix86+x86_64 | 1.6.1 | 8.00 | 87.00 | 95.00 | OK |
Version: 1.6.1
Check: re-building of vignette outputs
Result: NOTE
Error in re-building vignettes:
...
Error in texi2dvi(file = file, pdf = TRUE, clean = clean, quiet = quiet, :
Running 'texi2dvi' on 'YourCast.tex' failed.
LaTeX errors:
! LaTeX Error: File `stmaryrd.sty' not found.
Type X to quit or <RETURN> to proceed,
or enter new name. (Default extension: sty)
n_test/YourCast/vignettes/YourCast.tex:14: ==> Fatal error occurred, no output
PDF file produced!
Calls: buildVignettes -> texi2pdf -> texi2dvi
Execution halted
Flavor: r-release-osx-x86_64-mavericks