Last updated on 2014-10-02 01:48:31.
Flavor | Version | Tinstall | Tcheck | Ttotal | Status | Flags |
---|---|---|---|---|---|---|
r-devel-linux-x86_64-debian-clang | 4.1 | 0.85 | 17.90 | 18.75 | NOTE | |
r-devel-linux-x86_64-debian-gcc | 4.1 | 0.80 | 17.58 | 18.38 | NOTE | |
r-devel-linux-x86_64-fedora-clang | 4.1 | 39.35 | NOTE | |||
r-devel-linux-x86_64-fedora-gcc | 4.1 | 36.34 | NOTE | |||
r-devel-osx-x86_64-clang | 4.1 | 38.38 | OK | |||
r-devel-windows-ix86+x86_64 | 4.1 | 4.00 | 29.00 | 33.00 | OK | |
r-patched-linux-x86_64 | 4.1 | 0.85 | 18.76 | 19.61 | NOTE | |
r-patched-solaris-sparc | 4.1 | 224.20 | OK | |||
r-patched-solaris-x86 | 4.1 | 52.50 | OK | |||
r-release-linux-ix86 | 4.1 | 1.26 | 25.82 | 27.08 | OK | |
r-release-linux-x86_64 | 4.1 | 0.84 | 18.94 | 19.78 | NOTE | |
r-release-osx-x86_64-mavericks | 4.1 | OK | ||||
r-release-osx-x86_64-snowleopard | 4.1 | OK | ||||
r-release-windows-ix86+x86_64 | 4.1 | 3.00 | 29.00 | 32.00 | OK | |
r-oldrel-windows-ix86+x86_64 | 4.1 | 3.00 | 29.00 | 32.00 | OK |
Version: 4.1
Check: Rd line widths
Result: NOTE
Rd file 'ECBYieldCurve.Rd':
\examples lines wider than 100 characters:
plot(mat.ECB, ECBYieldCurve[i,], type="o", xlab="Maturities structure in years", ylab="Interest rates values")
Rd file 'FedYieldCurve.Rd':
\examples lines wider than 100 characters:
plot(mat, FedYieldCurve[i,], type="o", xlab="Maturities structure in years", ylab="Interest rates values")
These lines will be truncated in the PDF manual.
Flavors: r-devel-linux-x86_64-debian-clang, r-devel-linux-x86_64-debian-gcc, r-devel-linux-x86_64-fedora-clang, r-devel-linux-x86_64-fedora-gcc, r-patched-linux-x86_64, r-release-linux-x86_64