CRAN Package Check Results for Package VizOR

Last updated on 2014-10-02 01:48:31.

Flavor Version Tinstall Tcheck Ttotal Status Flags
r-devel-linux-x86_64-debian-clang 0.7-9 2.16 38.49 40.65 OK
r-devel-linux-x86_64-debian-gcc 0.7-9 2.22 38.58 40.79 OK
r-devel-linux-x86_64-fedora-clang 0.7-9 82.87 OK
r-devel-linux-x86_64-fedora-gcc 0.7-9 78.28 OK
r-devel-osx-x86_64-clang 0.7-9 72.97 OK
r-devel-windows-ix86+x86_64 0.7-9 9.00 64.00 73.00 OK
r-patched-linux-x86_64 0.7-9 2.35 41.48 43.84 OK
r-patched-solaris-sparc 0.7-9 375.90 OK
r-patched-solaris-x86 0.7-9 108.60 OK
r-release-linux-ix86 0.7-9 2.90 51.14 54.04 OK
r-release-linux-x86_64 0.7-9 2.24 41.67 43.91 OK
r-release-osx-x86_64-mavericks 0.7-9 NOTE
r-release-osx-x86_64-snowleopard 0.7-9 NOTE
r-release-windows-ix86+x86_64 0.7-9 12.00 67.00 79.00 OK
r-oldrel-windows-ix86+x86_64 0.7-9 10.00 75.00 85.00 OK

Check Details

Version: 0.7-9
Check: re-building of vignette outputs
Result: NOTE
    Error in re-building vignettes:
     ...
    
    The following objects are masked from ‘package:base’:
    
     format.pval, round.POSIXt, trunc.POSIXt, units
    
    Loading required package: SparseM
    
    Attaching package: ‘SparseM’
    
    The following object is masked from ‘package:base’:
    
     backsolve
    
    Error in texi2dvi(file = file, pdf = TRUE, clean = clean, quiet = quiet, :
     Running 'texi2dvi' on 'ConfoundingPotential.tex' failed.
    LaTeX errors:
    ! LaTeX Error: File `relsize.sty' not found.
    
    Type X to quit or <RETURN> to proceed,
    or enter new name. (Default extension: sty)
    
    est/VizOR/vignettes/ConfoundingPotential.tex:25: ==> Fatal error occurred, no
    output PDF file produced!
    Calls: buildVignettes -> texi2pdf -> texi2dvi
    Execution halted
Flavor: r-release-osx-x86_64-mavericks

Version: 0.7-9
Check: re-building of vignette outputs
Result: NOTE
    Error in re-building vignettes:
     ...
    
    Loading required package: SparseM
    
    Attaching package: 'SparseM'
    
    The following object is masked from 'package:base':
    
     backsolve
    
    
    Attaching package: 'rms'
    
    The following object is masked from 'package:Hmisc':
    
     num.intercepts
    
    Error in texi2dvi(file = file, pdf = TRUE, clean = clean, quiet = quiet, :
     Running 'texi2dvi' on 'ConfoundingPotential.tex' failed.
    LaTeX errors:
    ! LaTeX Error: File `relsize.sty' not found.
    
    Type X to quit or <RETURN> to proceed,
    or enter new name. (Default extension: sty)
    Calls: buildVignettes -> texi2pdf -> texi2dvi
    Execution halted
Flavor: r-release-osx-x86_64-snowleopard