CRAN Package Check Results for Package VideoComparison

Last updated on 2014-10-02 01:48:31.

Flavor Version Tinstall Tcheck Ttotal Status Flags
r-devel-linux-x86_64-debian-clang 0.11 5.23 25.00 30.24 WARN
r-devel-linux-x86_64-debian-gcc 0.11 5.65 25.04 30.69 WARN
r-devel-linux-x86_64-fedora-clang 0.11 63.51 WARN
r-devel-linux-x86_64-fedora-gcc 0.11 61.75 WARN
r-devel-osx-x86_64-clang 0.11 55.88 WARN
r-devel-windows-ix86+x86_64 0.11 24.00 56.00 80.00 WARN
r-patched-linux-x86_64 0.11 5.84 25.56 31.40 WARN
r-patched-solaris-sparc 0.11 373.30 WARN
r-patched-solaris-x86 0.11 85.20 WARN
r-release-linux-ix86 0.11 7.50 33.90 41.40 OK
r-release-linux-x86_64 0.11 5.81 26.38 32.18 OK
r-release-osx-x86_64-mavericks 0.11 OK
r-release-osx-x86_64-snowleopard 0.11 OK
r-release-windows-ix86+x86_64 0.11 24.00 57.00 81.00 OK
r-oldrel-windows-ix86+x86_64 0.11 24.00 58.00 82.00 OK

Check Details

Version: 0.11
Check: dependencies in R code
Result: WARN
    'library' or 'require' call not declared from: ‘parallel’
    See the information on DESCRIPTION files in the chapter ‘Creating R
    packages’ of the ‘Writing R Extensions’ manual.
Flavors: r-devel-linux-x86_64-debian-clang, r-devel-linux-x86_64-debian-gcc, r-devel-linux-x86_64-fedora-clang, r-devel-linux-x86_64-fedora-gcc, r-devel-osx-x86_64-clang, r-devel-windows-ix86+x86_64, r-patched-linux-x86_64, r-patched-solaris-sparc, r-patched-solaris-x86