Last updated on 2014-10-02 01:48:31.
Flavor | Version | Tinstall | Tcheck | Ttotal | Status | Flags |
---|---|---|---|---|---|---|
r-devel-linux-x86_64-debian-clang | 0.9-4 | 1.65 | 12.10 | 13.76 | OK | |
r-devel-linux-x86_64-debian-gcc | 0.9-4 | 1.69 | 11.98 | 13.67 | OK | |
r-devel-linux-x86_64-fedora-clang | 0.9-4 | 27.79 | OK | |||
r-devel-linux-x86_64-fedora-gcc | 0.9-4 | 30.05 | OK | |||
r-devel-osx-x86_64-clang | 0.9-4 | 28.68 | OK | |||
r-devel-windows-ix86+x86_64 | 0.9-4 | 4.00 | 22.00 | 26.00 | OK | |
r-patched-linux-x86_64 | 0.9-4 | 1.64 | 12.92 | 14.56 | OK | |
r-patched-solaris-sparc | 0.9-4 | 157.70 | OK | |||
r-patched-solaris-x86 | 0.9-4 | 42.60 | OK | |||
r-release-linux-ix86 | 0.9-4 | 2.38 | 19.02 | 21.40 | OK | |
r-release-linux-x86_64 | 0.9-4 | 2.37 | 12.26 | 14.63 | OK | |
r-release-osx-x86_64-mavericks | 0.9-4 | WARN | ||||
r-release-osx-x86_64-snowleopard | 0.9-4 | WARN | ||||
r-release-windows-ix86+x86_64 | 0.9-4 | 5.00 | 20.00 | 25.00 | OK | |
r-oldrel-windows-ix86+x86_64 | 0.9-4 | 5.00 | 22.00 | 27.00 | OK |
Version: 0.9-4
Check: Rd cross-references
Result: WARN
Missing link or links in documentation object 'trapO.Rd':
‘[VGAM]{lakeO}’
Missing link or links in documentation object 'wffc.Rd':
‘[VGAM]{lakeO}’
Missing link or links in documentation object 'wffc.nc.Rd':
‘[VGAM]{lakeO}’
See the information in section 'Cross-references' of the 'Writing R
Extensions' manual.
Flavors: r-release-osx-x86_64-mavericks, r-release-osx-x86_64-snowleopard