Last updated on 2014-10-02 01:48:31.
Flavor | Version | Tinstall | Tcheck | Ttotal | Status | Flags |
---|---|---|---|---|---|---|
r-devel-linux-x86_64-debian-clang | 0.2.17 | 7.33 | 23.89 | 31.22 | OK | |
r-devel-linux-x86_64-debian-gcc | 0.2.17 | 9.55 | 24.90 | 34.46 | OK | |
r-devel-linux-x86_64-fedora-clang | 0.2.17 | 61.99 | OK | |||
r-devel-linux-x86_64-fedora-gcc | 0.2.17 | 65.65 | OK | |||
r-patched-linux-x86_64 | 0.2.17 | 9.52 | 24.54 | 34.06 | OK | |
r-release-linux-ix86 | 0.2.17 | 13.05 | 33.10 | 46.15 | OK | |
r-release-linux-x86_64 | 0.2.17 | 9.47 | 23.97 | 33.44 | OK | |
r-release-osx-x86_64-mavericks | 0.2.17 | ERROR | ||||
r-release-osx-x86_64-snowleopard | 0.2.17 | ERROR |
Version: 0.2.17
Check: whether package can be installed
Result: ERROR
Installation failed.
Flavors: r-release-osx-x86_64-mavericks, r-release-osx-x86_64-snowleopard