Last updated on 2014-10-02 01:48:30.
Flavor | Version | Tinstall | Tcheck | Ttotal | Status | Flags |
---|---|---|---|---|---|---|
r-devel-linux-x86_64-debian-clang | 1.0 | 1.80 | 43.74 | 45.54 | NOTE | |
r-devel-linux-x86_64-debian-gcc | 1.0 | 1.77 | 43.75 | 45.52 | NOTE | |
r-devel-linux-x86_64-fedora-clang | 1.0 | 92.36 | NOTE | |||
r-devel-linux-x86_64-fedora-gcc | 1.0 | 90.13 | NOTE | |||
r-devel-osx-x86_64-clang | 1.0 | 74.79 | NOTE | |||
r-devel-windows-ix86+x86_64 | 1.0 | 9.00 | 69.00 | 78.00 | NOTE | |
r-patched-linux-x86_64 | 1.0 | 1.84 | 45.52 | 47.36 | NOTE | |
r-patched-solaris-sparc | 1.0 | 914.10 | NOTE | |||
r-patched-solaris-x86 | 1.0 | 154.00 | NOTE | |||
r-release-linux-ix86 | 1.0 | 2.35 | 68.59 | 70.94 | NOTE | |
r-release-linux-x86_64 | 1.0 | 2.51 | 45.29 | 47.80 | NOTE | |
r-release-osx-x86_64-mavericks | 1.0 | NOTE | ||||
r-release-osx-x86_64-snowleopard | 1.0 | NOTE | ||||
r-release-windows-ix86+x86_64 | 1.0 | 10.00 | 72.00 | 82.00 | NOTE | |
r-oldrel-windows-ix86+x86_64 | 1.0 | 9.00 | 78.00 | 87.00 | NOTE |
Version: 1.0
Check: R code for possible problems
Result: NOTE
covTranspose11: warning in glasso(sc, 2 * rhoc/n, wi.init = gc$wi,
w.init = gc$w, maxit = maxit.glasso, thr = thr.glasso, penalize.diag
= pen.diag): partial argument match of ‘penalize.diag’ to
‘penalize.diagonal’
covTranspose11: warning in glasso(sr, 2 * rhor/p, wi.init = gr$wi,
w.init = gr$w, maxit = maxit.glasso, thr = thr.glasso, penalize.diag
= pen.diag): partial argument match of ‘penalize.diag’ to
‘penalize.diagonal’
.help.ESS: no visible global function definition for ‘index.search’
Flavors: r-devel-linux-x86_64-debian-clang, r-devel-linux-x86_64-debian-gcc, r-devel-linux-x86_64-fedora-clang, r-devel-linux-x86_64-fedora-gcc, r-devel-osx-x86_64-clang, r-devel-windows-ix86+x86_64, r-patched-linux-x86_64, r-patched-solaris-sparc, r-patched-solaris-x86, r-release-linux-ix86, r-release-linux-x86_64, r-release-osx-x86_64-mavericks, r-release-osx-x86_64-snowleopard, r-release-windows-ix86+x86_64, r-oldrel-windows-ix86+x86_64