CRAN Package Check Results for Package TopKLists

Last updated on 2014-10-02 01:48:30.

Flavor Version Tinstall Tcheck Ttotal Status Flags
r-devel-linux-x86_64-debian-clang 1.0.2 2.22 234.16 236.38 NOTE
r-devel-linux-x86_64-debian-gcc 1.0.2 2.13 208.35 210.48 NOTE
r-devel-linux-x86_64-fedora-clang 1.0.2 456.32 NOTE
r-devel-linux-x86_64-fedora-gcc 1.0.2 421.99 NOTE
r-devel-osx-x86_64-clang 1.0.2 434.42 NOTE
r-devel-windows-ix86+x86_64 1.0.2 11.00 262.00 273.00 NOTE
r-patched-linux-x86_64 1.0.2 2.08 211.22 213.30 OK
r-patched-solaris-sparc 1.0.2 3115.90 OK
r-patched-solaris-x86 1.0.2 671.70 OK
r-release-linux-ix86 1.0.2 2.85 260.05 262.90 OK
r-release-linux-x86_64 1.0.2 2.20 208.55 210.75 OK
r-release-osx-x86_64-mavericks 1.0.2 NOTE
r-release-osx-x86_64-snowleopard 1.0.2 OK
r-release-windows-ix86+x86_64 1.0.2 10.00 287.00 297.00 OK
r-oldrel-windows-ix86+x86_64 1.0.2 10.00 323.00 333.00 OK

Check Details

Version: 1.0.2
Check: R code for possible problems
Result: NOTE
    TopKListsGUI: no visible global function definition for ‘gmessage’
    TopKListsGUI: no visible global function definition for ‘gwindow’
    TopKListsGUI: no visible global function definition for ‘ggroup’
    TopKListsGUI: no visible global function definition for ‘gframe’
    TopKListsGUI: no visible global function definition for ‘gbutton’
    TopKListsGUI: no visible global function definition for ‘svalue<-’
    TopKListsGUI: no visible global function definition for ‘glayout’
    TopKListsGUI: no visible global function definition for ‘glabel’
    TopKListsGUI: no visible global function definition for ‘gspinbutton’
    TopKListsGUI: no visible global function definition for ‘enabled<-’
    TopKListsGUI: no visible global function definition for ‘gedit’
    TopKListsGUI: no visible global function definition for ‘gslider’
    TopKListsGUI: no visible global function definition for ‘gnotebook’
    TopKListsGUI: no visible global function definition for ‘gtkStatusbar’
    TopKListsGUI: no visible global function definition for ‘add’
    TopKListsGUI: no visible global function definition for
     ‘gtkProgressBar’
    TopKListsGUI : update.deltarange: no visible global function definition
     for ‘svalue’
    TopKListsGUI : update.deltarange: no visible global function definition
     for ‘svalue<-’
    TopKListsGUI : update.deltarange: no visible global function definition
     for ‘enabled<-’
    TopKListsGUI : load.data: no visible global function definition for
     ‘enabled’
    TopKListsGUI : load.data: no visible global function definition for
     ‘svalue’
    TopKListsGUI : load.data: no visible global function definition for
     ‘delete’
    TopKListsGUI : load.data: no visible global function definition for
     ‘gimage’
    TopKListsGUI : load.data: no visible global function definition for
     ‘gtable’
    TopKListsGUI : load.data: no visible global function definition for
     ‘glabel’
    TopKListsGUI : load.data: no visible global function definition for
     ‘gmessage’
    TopKListsGUI : calculate.all.truncationlists: no visible global
     function definition for ‘svalue’
    TopKListsGUI : calculate.all.truncationlists: no visible global
     function definition for ‘gmessage’
    TopKListsGUI : calculate.all.truncationlists: no visible global
     function definition for ‘gtkProgressBarSetFraction’
    TopKListsGUI : calculate.all.truncationlists: no visible global
     function definition for ‘gtkMainIterationDo’
    TopKListsGUI : calculate.all.truncationlists: no visible global
     function definition for ‘enabled<-’
    TopKListsGUI : calculate.all.truncationlists: no visible global
     function definition for ‘svalue<-’
    TopKListsGUI: no visible global function definition for ‘visible<-’
Flavors: r-devel-linux-x86_64-debian-clang, r-devel-linux-x86_64-debian-gcc, r-devel-linux-x86_64-fedora-clang, r-devel-linux-x86_64-fedora-gcc, r-devel-osx-x86_64-clang, r-devel-windows-ix86+x86_64

Version: 1.0.2
Check: compiled code
Result: NOTE
    File ‘TopKLists/libs/TopKLists.so’:
     Found ‘srand’, possibly from ‘srand’ (C)
     Object: ‘TopK.o’
    
    Compiled code should not call entry points which might terminate R nor
    write to stdout/stderr instead of to the console, nor the C RNG.
    
    See ‘Writing portable packages’ in the ‘Writing R Extensions’ manual.
Flavors: r-devel-linux-x86_64-debian-clang, r-devel-linux-x86_64-debian-gcc, r-devel-linux-x86_64-fedora-clang, r-devel-linux-x86_64-fedora-gcc

Version: 1.0.2
Check: compiled code
Result: NOTE
    File ‘TopKLists/libs/TopKLists.so’:
     Found ‘_srand’, possibly from ‘srand’ (C)
     Object: ‘TopK.o’
    
    Compiled code should not call entry points which might terminate R nor
    write to stdout/stderr instead of to the console, nor the C RNG.
    
    See ‘Writing portable packages’ in the ‘Writing R Extensions’ manual.
Flavor: r-devel-osx-x86_64-clang

Version: 1.0.2
Check: compiled code
Result: NOTE
    File 'TopKLists/libs/i386/TopKLists.dll':
     Found 'srand', possibly from 'srand' (C)
     Object: 'TopK.o'
    File 'TopKLists/libs/x64/TopKLists.dll':
     Found 'srand', possibly from 'srand' (C)
     Object: 'TopK.o'
    
    Compiled code should not call entry points which might terminate R nor
    write to stdout/stderr instead of to the console, nor the C RNG.
    
    See 'Writing portable packages' in the 'Writing R Extensions' manual.
Flavor: r-devel-windows-ix86+x86_64

Version: 1.0.2
Check: package dependencies
Result: NOTE
    Packages suggested but not available for checking: ‘RGtk2’ ‘gWidgetsRGtk2’
Flavor: r-release-osx-x86_64-mavericks

Version: 1.0.2
Check: R code for possible problems
Result: NOTE
    TopKListsGUI: no visible global function definition for ‘gtkStatusbar’
    TopKListsGUI: no visible global function definition for
     ‘gtkProgressBar’
    TopKListsGUI : calculate.all.truncationlists: no visible global
     function definition for ‘gtkProgressBarSetFraction’
    TopKListsGUI : calculate.all.truncationlists: no visible global
     function definition for ‘gtkMainIterationDo’
Flavor: r-release-osx-x86_64-mavericks