Last updated on 2014-10-02 01:48:30.
Flavor | Version | Tinstall | Tcheck | Ttotal | Status | Flags |
---|---|---|---|---|---|---|
r-devel-linux-x86_64-debian-clang | 1.0 | 0.73 | 10.31 | 11.04 | NOTE | |
r-devel-linux-x86_64-debian-gcc | 1.0 | 0.72 | 9.95 | 10.66 | NOTE | |
r-devel-linux-x86_64-fedora-clang | 1.0 | 20.72 | NOTE | |||
r-devel-linux-x86_64-fedora-gcc | 1.0 | 19.11 | NOTE | |||
r-devel-osx-x86_64-clang | 1.0 | 24.81 | OK | |||
r-devel-windows-ix86+x86_64 | 1.0 | 2.00 | 16.00 | 18.00 | OK | |
r-patched-linux-x86_64 | 1.0 | 0.76 | 10.06 | 10.82 | NOTE | |
r-patched-solaris-sparc | 1.0 | 116.40 | OK | |||
r-patched-solaris-x86 | 1.0 | 33.10 | OK | |||
r-release-linux-ix86 | 1.0 | 1.10 | 15.93 | 17.02 | OK | |
r-release-linux-x86_64 | 1.0 | 0.72 | 10.20 | 10.92 | NOTE | |
r-release-osx-x86_64-mavericks | 1.0 | OK | ||||
r-release-windows-ix86+x86_64 | 1.0 | 3.00 | 17.00 | 20.00 | OK | |
r-oldrel-windows-ix86+x86_64 | 1.0 | 2.00 | 18.00 | 20.00 | OK |
Version: 1.0
Check: top-level files
Result: NOTE
Non-standard file/directory found at top level:
‘doc’
Flavors: r-devel-linux-x86_64-debian-clang, r-devel-linux-x86_64-debian-gcc, r-devel-linux-x86_64-fedora-clang, r-devel-linux-x86_64-fedora-gcc, r-patched-linux-x86_64, r-release-linux-x86_64