Last updated on 2014-10-02 01:48:29.
Flavor | Version | Tinstall | Tcheck | Ttotal | Status | Flags |
---|---|---|---|---|---|---|
r-devel-linux-x86_64-debian-clang | 0.9.8 | 6.78 | 103.82 | 110.60 | NOTE | |
r-devel-linux-x86_64-debian-gcc | 0.9.8 | 6.52 | 104.18 | 110.70 | NOTE | |
r-devel-linux-x86_64-fedora-clang | 0.9.8 | 257.03 | NOTE | |||
r-devel-linux-x86_64-fedora-gcc | 0.9.8 | 255.89 | NOTE | |||
r-devel-osx-x86_64-clang | 0.9.8 | 186.10 | NOTE | |||
r-devel-windows-ix86+x86_64 | 0.9.8 | 21.00 | 160.00 | 181.00 | NOTE | |
r-patched-linux-x86_64 | 0.9.8 | 7.35 | 110.66 | 118.00 | OK | |
r-patched-solaris-sparc | 0.9.8 | 1535.80 | OK | |||
r-patched-solaris-x86 | 0.9.8 | 337.60 | OK | |||
r-release-linux-ix86 | 0.9.8 | 8.27 | 136.00 | 144.26 | OK | |
r-release-linux-x86_64 | 0.9.8 | 6.97 | 113.69 | 120.66 | OK | |
r-release-osx-x86_64-mavericks | 0.9.8 | OK | ||||
r-release-osx-x86_64-snowleopard | 0.9.8 | OK | ||||
r-release-windows-ix86+x86_64 | 0.9.8 | 22.00 | 167.00 | 189.00 | OK |
Version: 0.9.8
Check: R code for possible problems
Result: NOTE
TcGSA.LR.parallel: no visible global function definition for
‘makeCluster’
TcGSA.LR.parallel: no visible global function definition for
‘registerDoSNOW’
TcGSA.LR.parallel: no visible global function definition for ‘%dopar%’
TcGSA.LR.parallel: no visible global function definition for ‘foreach’
TcGSA.LR.parallel: no visible global function definition for
‘stopCluster’
Flavors: r-devel-linux-x86_64-debian-clang, r-devel-linux-x86_64-debian-gcc, r-devel-linux-x86_64-fedora-clang, r-devel-linux-x86_64-fedora-gcc, r-devel-osx-x86_64-clang, r-devel-windows-ix86+x86_64