Last updated on 2014-10-02 01:48:30.
Flavor | Version | Tinstall | Tcheck | Ttotal | Status | Flags |
---|---|---|---|---|---|---|
r-devel-linux-x86_64-debian-clang | 1.01 | 4.80 | 59.64 | 64.44 | NOTE | |
r-devel-linux-x86_64-debian-gcc | 1.01 | 4.77 | 58.55 | 63.32 | NOTE | |
r-devel-linux-x86_64-fedora-clang | 1.01 | 144.78 | NOTE | |||
r-devel-linux-x86_64-fedora-gcc | 1.01 | 138.89 | NOTE | |||
r-devel-osx-x86_64-clang | 1.01 | 110.16 | NOTE | |||
r-devel-windows-ix86+x86_64 | 1.01 | 14.00 | 89.00 | 103.00 | NOTE | |
r-patched-linux-x86_64 | 1.01 | 5.09 | 61.82 | 66.91 | NOTE | |
r-patched-solaris-sparc | 1.01 | 804.40 | NOTE | |||
r-patched-solaris-x86 | 1.01 | 187.80 | NOTE | |||
r-release-linux-ix86 | 1.01 | 5.82 | 74.04 | 79.86 | NOTE | |
r-release-linux-x86_64 | 1.01 | 4.90 | 61.54 | 66.44 | NOTE | |
r-release-osx-x86_64-mavericks | 1.01 | NOTE | ||||
r-release-osx-x86_64-snowleopard | 1.01 | ERROR | ||||
r-release-windows-ix86+x86_64 | 1.01 | 16.00 | 95.00 | 111.00 | NOTE | |
r-oldrel-windows-ix86+x86_64 | 1.01 | 15.00 | 85.00 | 100.00 | NOTE |
Version: 1.01
Check: top-level files
Result: NOTE
Non-standard file/directory found at top level:
‘changes’
Flavors: r-devel-linux-x86_64-debian-clang, r-devel-linux-x86_64-debian-gcc, r-devel-linux-x86_64-fedora-clang, r-devel-linux-x86_64-fedora-gcc, r-patched-linux-x86_64, r-release-linux-x86_64
Version: 1.01
Check: dependencies in R code
Result: NOTE
'library' or 'require' calls to packages already attached by Depends:
‘leaps’ ‘locfit’ ‘mgcv’
Please remove these calls from your code.
':::' calls which should be '::':
‘stats:::ARMAacf’ ‘stats:::acf’ ‘stats:::arima’
See the note in ?`:::` about the use of this operator.
See the information on DESCRIPTION files in the chapter ‘Creating R
packages’ of the ‘Writing R Extensions’ manual.
Flavors: r-devel-linux-x86_64-debian-clang, r-devel-linux-x86_64-debian-gcc, r-devel-linux-x86_64-fedora-clang, r-devel-linux-x86_64-fedora-gcc, r-devel-osx-x86_64-clang, r-devel-windows-ix86+x86_64, r-patched-linux-x86_64, r-patched-solaris-sparc, r-patched-solaris-x86, r-release-linux-ix86, r-release-linux-x86_64, r-release-osx-x86_64-mavericks, r-release-windows-ix86+x86_64, r-oldrel-windows-ix86+x86_64
Version: 1.01
Check: whether package can be installed
Result: ERROR
Installation failed.
Flavor: r-release-osx-x86_64-snowleopard