Last updated on 2014-10-02 01:48:29.
Flavor | Version | Tinstall | Tcheck | Ttotal | Status | Flags |
---|---|---|---|---|---|---|
r-devel-linux-x86_64-debian-clang | 1.1 | 12.59 | 124.83 | 137.42 | OK | |
r-devel-linux-x86_64-debian-gcc | 1.1 | 14.58 | 128.89 | 143.47 | OK | |
r-devel-linux-x86_64-fedora-clang | 1.1 | 318.66 | OK | |||
r-devel-linux-x86_64-fedora-gcc | 1.1 | 328.94 | OK | |||
r-devel-osx-x86_64-clang | 1.1 | 171.42 | OK | |||
r-devel-windows-ix86+x86_64 | 1.1 | 39.00 | 305.00 | 344.00 | OK | |
r-patched-linux-x86_64 | 1.1 | 15.76 | 131.22 | 146.98 | OK | |
r-patched-solaris-sparc | 1.1 | 2343.10 | OK | |||
r-patched-solaris-x86 | 1.1 | 533.30 | OK | |||
r-release-linux-ix86 | 1.1 | 20.26 | 273.80 | 294.05 | OK | |
r-release-linux-x86_64 | 1.1 | 15.87 | 128.64 | 144.51 | OK | |
r-release-osx-x86_64-mavericks | 1.1 | NOTE | ||||
r-release-osx-x86_64-snowleopard | 1.1 | ERROR | ||||
r-release-windows-ix86+x86_64 | 1.1 | 39.00 | 321.00 | 360.00 | OK | |
r-oldrel-windows-ix86+x86_64 | 1.1 | 42.00 | 329.00 | 371.00 | OK |
Version: 1.1
Check: re-building of vignette outputs
Result: NOTE
Error in re-building vignettes:
...
Loading required package: FNN
Loading required package: igraph
Loading required package: parallel
Loading required package: scales
Error in texi2dvi(file = file, pdf = TRUE, clean = clean, quiet = quiet, :
Running 'texi2dvi' on 'article.tex' failed.
LaTeX errors:
! LaTeX Error: File `subfigure.sty' not found.
Type X to quit or <RETURN> to proceed,
or enter new name. (Default extension: sty)
t/TDA/vignettes/article.tex:13: ==> Fatal error occurred, no output PDF file p
roduced!
Calls: buildVignettes -> texi2pdf -> texi2dvi
Execution halted
Flavor: r-release-osx-x86_64-mavericks
Version: 1.1
Check: whether package can be installed
Result: ERROR
Installation failed.
Flavor: r-release-osx-x86_64-snowleopard