CRAN Package Check Results for Package SpatioTemporal

Last updated on 2014-10-02 01:48:28.

Flavor Version Tinstall Tcheck Ttotal Status Flags
r-devel-linux-x86_64-debian-clang 1.1.7 5.79 283.30 289.08 NOTE
r-devel-linux-x86_64-debian-gcc 1.1.7 5.84 274.49 280.32 NOTE
r-devel-linux-x86_64-fedora-clang 1.1.7 608.50 NOTE
r-devel-linux-x86_64-fedora-gcc 1.1.7 610.55 NOTE
r-devel-osx-x86_64-clang 1.1.7 473.14 OK
r-devel-windows-ix86+x86_64 1.1.7 21.00 416.00 437.00 OK
r-patched-linux-x86_64 1.1.7 6.28 291.11 297.38 NOTE
r-patched-solaris-sparc 1.1.7 3977.40 OK
r-patched-solaris-x86 1.1.7 1030.80 OK
r-release-linux-ix86 1.1.7 7.56 409.56 417.12 OK
r-release-linux-x86_64 1.1.7 6.16 287.53 293.68 NOTE
r-release-osx-x86_64-mavericks 1.1.7 NOTE
r-release-osx-x86_64-snowleopard 1.1.7 WARN
r-release-windows-ix86+x86_64 1.1.7 19.00 430.00 449.00 OK
r-oldrel-windows-ix86+x86_64 1.1.7 22.00 419.00 441.00 OK

Check Details

Version: 1.1.7
Check: top-level files
Result: NOTE
    Non-standard file/directory found at top level:
     ‘Rd_examples’
Flavors: r-devel-linux-x86_64-debian-clang, r-devel-linux-x86_64-debian-gcc, r-devel-linux-x86_64-fedora-clang, r-devel-linux-x86_64-fedora-gcc, r-patched-linux-x86_64, r-release-linux-x86_64

Version: 1.1.7
Check: re-building of vignette outputs
Result: NOTE
    Error in re-building vignettes:
     ...
    Loading required package: Matrix
    Replacing existing trend.
    Replacing existing trend.
    Replacing existing trend.
    Replacing existing trend.
    Smooth interpolated at 279 time(s).
    Error in texi2dvi(file = file, pdf = TRUE, clean = clean, quiet = quiet, :
     Running 'texi2dvi' on 'ST_tutorial.tex' failed.
    LaTeX errors:
    ! LaTeX Error: File `hyphenat.sty' not found.
    
    Type X to quit or <RETURN> to proceed,
    or enter new name. (Default extension: sty)
    
    ./vignette.sty:11: ==> Fatal error occurred, no output PDF file produced!
    Calls: buildVignettes -> texi2pdf -> texi2dvi
    Execution halted
Flavors: r-release-osx-x86_64-mavericks, r-release-osx-x86_64-snowleopard

Version: 1.1.7
Check: examples
Result: WARN
    checking a package with encoding 'latin1' in an ASCII locale
    
     OK
Flavor: r-release-osx-x86_64-snowleopard