Last updated on 2014-10-02 01:48:28.
Flavor | Version | Tinstall | Tcheck | Ttotal | Status | Flags |
---|---|---|---|---|---|---|
r-devel-linux-x86_64-debian-clang | 1.1-1 | 1.94 | 14.70 | 16.64 | OK | |
r-devel-linux-x86_64-debian-gcc | 1.1-1 | 1.48 | 15.03 | 16.51 | OK | |
r-devel-linux-x86_64-fedora-clang | 1.1-1 | 31.27 | OK | |||
r-devel-linux-x86_64-fedora-gcc | 1.1-1 | 30.64 | OK | |||
r-devel-osx-x86_64-clang | 1.1-1 | 30.29 | OK | |||
r-devel-windows-ix86+x86_64 | 1.1-1 | 7.00 | 31.00 | 38.00 | OK | |
r-patched-linux-x86_64 | 1.1-1 | 1.53 | 15.85 | 17.38 | OK | |
r-patched-solaris-sparc | 1.1-1 | 201.00 | OK | |||
r-patched-solaris-x86 | 1.1-1 | 47.20 | OK | |||
r-release-linux-ix86 | 1.1-1 | 2.06 | 21.94 | 24.00 | OK | |
r-release-linux-x86_64 | 1.1-1 | 1.66 | 15.57 | 17.23 | OK | |
r-release-osx-x86_64-mavericks | 1.1-1 | OK | ||||
r-release-osx-x86_64-snowleopard | 1.1-1 | NOTE | ||||
r-release-windows-ix86+x86_64 | 1.1-1 | 7.00 | 33.00 | 40.00 | OK | |
r-oldrel-windows-ix86+x86_64 | 1.1-1 | 7.00 | 32.00 | 39.00 | OK |
Version: 1.1-1
Check: package dependencies
Result: NOTE
Packages suggested but not available for checking: 'ICSNP' 'MNM'
Flavor: r-release-osx-x86_64-snowleopard
Version: 1.1-1
Check: Rd cross-references
Result: NOTE
Packages unavailable to check Rd xrefs: 'ICSNP', 'MNM'
Flavor: r-release-osx-x86_64-snowleopard