Last updated on 2014-10-02 01:48:27.
Flavor | Version | Tinstall | Tcheck | Ttotal | Status | Flags |
---|---|---|---|---|---|---|
r-devel-linux-x86_64-debian-clang | 1.0 | 2.39 | 26.49 | 28.88 | NOTE | |
r-devel-linux-x86_64-debian-gcc | 1.0 | 2.34 | 25.50 | 27.84 | NOTE | |
r-devel-linux-x86_64-fedora-clang | 1.0 | 61.75 | NOTE | |||
r-devel-linux-x86_64-fedora-gcc | 1.0 | 61.00 | NOTE | |||
r-devel-osx-x86_64-clang | 1.0 | 53.31 | NOTE | |||
r-devel-windows-ix86+x86_64 | 1.0 | 9.00 | 39.00 | 48.00 | NOTE | |
r-patched-linux-x86_64 | 1.0 | 2.46 | 27.72 | 30.18 | NOTE | |
r-patched-solaris-sparc | 1.0 | 369.10 | NOTE | |||
r-patched-solaris-x86 | 1.0 | 82.10 | NOTE | |||
r-release-linux-ix86 | 1.0 | 3.16 | 35.81 | 38.96 | NOTE | |
r-release-linux-x86_64 | 1.0 | 2.54 | 27.34 | 29.88 | NOTE | |
r-release-osx-x86_64-mavericks | 1.0 | NOTE | ||||
r-release-osx-x86_64-snowleopard | 1.0 | NOTE | ||||
r-release-windows-ix86+x86_64 | 1.0 | 9.00 | 46.00 | 55.00 | NOTE | |
r-oldrel-windows-ix86+x86_64 | 1.0 | 9.00 | 39.00 | 48.00 | NOTE |
Version: 1.0
Check: DESCRIPTION meta-information
Result: NOTE
Packages listed in more than one of Depends, Imports, Suggests, Enhances:
‘lattice’ ‘betareg’
A package should be listed in only one of these fields.
Flavors: r-devel-linux-x86_64-debian-clang, r-devel-linux-x86_64-debian-gcc, r-devel-linux-x86_64-fedora-clang, r-devel-linux-x86_64-fedora-gcc, r-devel-osx-x86_64-clang, r-devel-windows-ix86+x86_64, r-patched-linux-x86_64, r-patched-solaris-sparc, r-patched-solaris-x86, r-release-linux-ix86, r-release-linux-x86_64, r-release-osx-x86_64-mavericks, r-release-osx-x86_64-snowleopard, r-release-windows-ix86+x86_64, r-oldrel-windows-ix86+x86_64
Version: 1.0
Check: dependencies in R code
Result: NOTE
Namespaces in Imports field not imported from:
‘betareg’ ‘lattice’
All declared Imports should be used.
Packages in Depends field not imported from:
‘betareg’ ‘lattice’
These packages need to be imported from (in the NAMESPACE file)
for when this namespace is loaded but not attached.
See the information on DESCRIPTION files in the chapter ‘Creating R
packages’ of the ‘Writing R Extensions’ manual.
Flavors: r-devel-linux-x86_64-debian-clang, r-devel-linux-x86_64-debian-gcc, r-devel-linux-x86_64-fedora-clang, r-devel-linux-x86_64-fedora-gcc, r-devel-osx-x86_64-clang, r-devel-windows-ix86+x86_64, r-patched-linux-x86_64, r-patched-solaris-sparc, r-patched-solaris-x86, r-release-linux-ix86, r-release-linux-x86_64, r-release-osx-x86_64-mavericks, r-release-windows-ix86+x86_64, r-oldrel-windows-ix86+x86_64
Version: 1.0
Check: R code for possible problems
Result: NOTE
indirectCalibration: no visible global function definition for
‘betareg’
xy.plot.lat: no visible global function definition for ‘xyplot’
xy.plot.lat: no visible global function definition for ‘strip.custom’
xy.plot.lat : <anonymous>: no visible global function definition for
‘panel.abline’
xy.plot.lat : <anonymous>: no visible global function definition for
‘panel.xyplot’
xy.plot.lat : <anonymous>: no visible global function definition for
‘panel.text’
Flavors: r-devel-linux-x86_64-debian-clang, r-devel-linux-x86_64-debian-gcc, r-devel-linux-x86_64-fedora-clang, r-devel-linux-x86_64-fedora-gcc, r-devel-osx-x86_64-clang, r-devel-windows-ix86+x86_64