Last updated on 2014-10-02 01:48:27.
Flavor | Version | Tinstall | Tcheck | Ttotal | Status | Flags |
---|---|---|---|---|---|---|
r-devel-linux-x86_64-debian-clang | 1.1 | 0.96 | 17.57 | 18.54 | NOTE | |
r-devel-linux-x86_64-debian-gcc | 1.1 | 0.85 | 17.36 | 18.22 | NOTE | |
r-devel-linux-x86_64-fedora-clang | 1.1 | 35.79 | NOTE | |||
r-devel-linux-x86_64-fedora-gcc | 1.1 | 35.01 | NOTE | |||
r-devel-osx-x86_64-clang | 1.1 | 31.19 | OK | |||
r-devel-windows-ix86+x86_64 | 1.1 | 3.00 | 27.00 | 30.00 | OK | |
r-patched-linux-x86_64 | 1.1 | 0.95 | 17.76 | 18.70 | NOTE | |
r-patched-solaris-sparc | 1.1 | 221.40 | OK | |||
r-patched-solaris-x86 | 1.1 | 48.90 | OK | |||
r-release-linux-ix86 | 1.1 | 1.17 | 25.40 | 26.57 | OK | |
r-release-linux-x86_64 | 1.1 | 0.86 | 17.95 | 18.81 | NOTE | |
r-release-osx-x86_64-mavericks | 1.1 | OK | ||||
r-release-windows-ix86+x86_64 | 1.1 | 4.00 | 28.00 | 32.00 | OK | |
r-oldrel-windows-ix86+x86_64 | 1.1 | 2.00 | 29.00 | 31.00 | OK |
Version: 1.1
Check: Rd line widths
Result: NOTE
Rd file 'mudiff.acc.Rd':
\usage lines wider than 90 characters:
mudiff.acc(len, alpha1, beta1, alpha2, beta2, n01, n02, level = 0.95, equal = TRUE, m = 10000, mcs = 3)
Rd file 'mudiff.alc.Rd':
\usage lines wider than 90 characters:
mudiff.alc(len, alpha1, beta1, alpha2, beta2, n01, n02, level = 0.95, equal = TRUE, m = 10000, mcs = 3)
Rd file 'mudiff.mblmodwoc.Rd':
\usage lines wider than 90 characters:
mudiff.mblmodwoc(len, alpha1, beta1, alpha2, beta2, level = 0.95, worst.level = 0.95, m = 50000, mcs = 3)
Rd file 'mudiff.mblmodwoc.equalvar.Rd':
\usage lines wider than 90 characters:
mudiff.mblmodwoc.equalvar(len, alpha, beta, level = 0.95, worst.level = 0.95, m = 50000, mcs = 3)
Rd file 'mudiff.modwoc.Rd':
\usage lines wider than 90 characters:
mudiff.modwoc(len, alpha1, beta1, alpha2, beta2, n01, n02, level = 0.95, worst.level = 0.95, equal = TRUE, m = 50000, mcs = 3)
Rd file 'mudiff.modwoc.equalvar.Rd':
\usage lines wider than 90 characters:
mudiff.modwoc.equalvar(len, alpha, beta, n01, n02, level = 0.95, worst.level = 0.95, equal = TRUE)
These lines will be truncated in the PDF manual.
Flavors: r-devel-linux-x86_64-debian-clang, r-devel-linux-x86_64-debian-gcc, r-devel-linux-x86_64-fedora-clang, r-devel-linux-x86_64-fedora-gcc, r-patched-linux-x86_64, r-release-linux-x86_64