Last updated on 2014-10-02 01:48:29.
Flavor | Version | Tinstall | Tcheck | Ttotal | Status | Flags |
---|---|---|---|---|---|---|
r-devel-linux-x86_64-debian-clang | 0.1-8 | 1.00 | 23.41 | 24.42 | NOTE | |
r-devel-linux-x86_64-debian-gcc | 0.1-8 | 1.05 | 23.41 | 24.46 | NOTE | |
r-devel-linux-x86_64-fedora-clang | 0.1-8 | 51.22 | NOTE | |||
r-devel-linux-x86_64-fedora-gcc | 0.1-8 | 49.03 | NOTE | |||
r-devel-osx-x86_64-clang | 0.1-8 | 41.31 | OK | |||
r-devel-windows-ix86+x86_64 | 0.1-8 | 5.00 | 56.00 | 61.00 | OK | |
r-patched-linux-x86_64 | 0.1-8 | 1.06 | 24.06 | 25.12 | NOTE | |
r-patched-solaris-sparc | 0.1-8 | 296.10 | OK | |||
r-patched-solaris-x86 | 0.1-8 | 66.90 | OK | |||
r-release-linux-ix86 | 0.1-8 | 1.41 | 32.38 | 33.79 | OK | |
r-release-linux-x86_64 | 0.1-8 | 0.98 | 22.72 | 23.70 | NOTE | |
r-release-osx-x86_64-mavericks | 0.1-8 | OK | ||||
r-release-windows-ix86+x86_64 | 0.1-8 | 5.00 | 48.00 | 53.00 | OK | |
r-oldrel-windows-ix86+x86_64 | 0.1-8 | 5.00 | 56.00 | 61.00 | OK |
Version: 0.1-8
Check: Rd line widths
Result: NOTE
Rd file 'fssa30.Rd':
\examples lines wider than 100 characters:
main="Relative frequency distribution in the z=17 slice\n of anisotropic 3D clusters with (1,0)-neighborhood")
Rd file 'fssa3d.Rd':
\examples lines wider than 100 characters:
main="Relative frequency distribution in the z=17 slice\n of anisotropic 3D clusters with (1,1)-neighborhood")
Rd file 'fssi30.Rd':
\examples lines wider than 100 characters:
main="Relative frequency distribution in the z=17 slice\n of isotropic 3D clusters with (1,0)-neighborhood")
Rd file 'fssi3d.Rd':
\examples lines wider than 100 characters:
main="Relative frequency distribution in the z=17 slice\n of isotropic 3D clusters with (1,1)-neighborhood")
These lines will be truncated in the PDF manual.
Flavors: r-devel-linux-x86_64-debian-clang, r-devel-linux-x86_64-debian-gcc, r-devel-linux-x86_64-fedora-clang, r-devel-linux-x86_64-fedora-gcc, r-patched-linux-x86_64, r-release-linux-x86_64