CRAN Package Check Results for Package SPOT

Last updated on 2014-10-02 01:48:29.

Flavor Version Tinstall Tcheck Ttotal Status Flags
r-devel-linux-x86_64-debian-clang 1.0.4184 3.18 48.92 52.10 NOTE
r-devel-linux-x86_64-debian-gcc 1.0.4184 3.01 49.79 52.80 NOTE
r-devel-linux-x86_64-fedora-clang 1.0.4184 102.64 NOTE
r-devel-linux-x86_64-fedora-gcc 1.0.4184 101.15 NOTE
r-devel-osx-x86_64-clang 1.0.4184 83.53 NOTE
r-devel-windows-ix86+x86_64 1.0.4184 9.00 71.00 80.00 NOTE
r-patched-linux-x86_64 1.0.4184 3.07 48.74 51.81 NOTE
r-patched-solaris-sparc 1.0.4184 669.90 NOTE
r-patched-solaris-x86 1.0.4184 149.80 NOTE
r-release-linux-ix86 1.0.4184 3.81 75.09 78.90 NOTE
r-release-linux-x86_64 1.0.4184 3.35 50.55 53.90 NOTE
r-release-osx-x86_64-mavericks 1.0.4184 NOTE
r-release-osx-x86_64-snowleopard 1.0.4184 NOTE
r-release-windows-ix86+x86_64 1.0.4184 9.00 88.00 97.00 NOTE
r-oldrel-windows-ix86+x86_64 1.0.4184 10.00 84.00 94.00 NOTE

Check Details

Version: 1.0.4184
Check: dependencies in R code
Result: NOTE
    Packages in Depends field not imported from:
     ‘emoa’ ‘rpart’
     These packages need to be imported from (in the NAMESPACE file)
     for when this namespace is loaded but not attached.
    ':::' call which should be '::': ‘emoa:::coalesce’
     See the note in ?`:::` about the use of this operator.
    See the information on DESCRIPTION files in the chapter ‘Creating R
    packages’ of the ‘Writing R Extensions’ manual.
Flavors: r-devel-linux-x86_64-debian-clang, r-devel-linux-x86_64-debian-gcc, r-devel-linux-x86_64-fedora-clang, r-devel-linux-x86_64-fedora-gcc, r-devel-osx-x86_64-clang, r-devel-windows-ix86+x86_64, r-patched-linux-x86_64, r-patched-solaris-sparc, r-patched-solaris-x86, r-release-linux-ix86, r-release-linux-x86_64, r-release-osx-x86_64-mavericks, r-release-windows-ix86+x86_64, r-oldrel-windows-ix86+x86_64

Version: 1.0.4184
Check: R code for possible problems
Result: NOTE
    forrCoModel: no visible global function definition for ‘ginv’
    forrReintPredictor: no visible global function definition for ‘ginv’
    spotAlgEsInitParentPop: no visible global function definition for
     ‘randomLHS’
    spotAlgStartSmsEmoaGlg: no visible global function definition for
     ‘dominated_hypervolume’
    spotCreateDesignBasicDoe: no visible global function definition for
     ‘gen.factorial’
    spotCreateDesignFactors: no visible global function definition for
     ‘gen.factorial’
    spotCreateDesignFrF2: no visible global function definition for ‘FrF2’
    spotCreateDesignFrF2: no visible global function definition for
     ‘ccd.augment’
    spotCreateDesignLhs: no visible global function definition for
     ‘improvedLHS’
    spotCreateDesignLhsOpt: no visible global function definition for
     ‘optimumLHS’
    spotGlgCreateRotSearched: no visible global function definition for
     ‘dominated_hypervolume’
    spotInfillHyperVolume: no visible global function definition for
     ‘is_dominated’
    spotInfillHyperVolume: no visible global function definition for
     ‘dominated_hypervolume’
    spotInfillLcbHyperVolume: no visible global function definition for
     ‘is_dominated’
    spotInfillLcbHyperVolume: no visible global function definition for
     ‘dominated_hypervolume’
    spotInfillSExI2d: no visible global function definition for
     ‘is_dominated’
    spotMcoCrowdTournament: no visible global function definition for
     ‘orderByParetoCrowdingDistance’
    spotMcoSelectionHypervol: no visible global function definition for
     ‘nds_rank’
    spotMcoSelectionHypervol: no visible global function definition for
     ‘hypervolume_contribution’
    spotMcoSort: no visible global function definition for ‘nds_rank’
    spotMcoSort: no visible global function definition for
     ‘nds_hv_selection’
    spotMcoTournament: no visible global function definition for
     ‘is_dominated’
    spotModelDescentLm: no visible global function definition for
     ‘canonical.path’
    spotModelDescentLm: no visible global function definition for
     ‘steepest’
    spotModelDescentLm: no visible global function definition for
     ‘code2val’
    spotModelDescentLm: no visible global function definition for
     ‘val2code’
    spotOptimizationInterface: no visible global function definition for
     ‘BBoptim’
    spotOptimizationInterface: no visible global function definition for
     ‘psoptim’
    spotOptimizationInterface: no visible global function definition for
     ‘cma_es’
    spotOptimizationInterface: no visible global function definition for
     ‘genoud’
    spotOptimizationInterface: no visible global function definition for
     ‘DEoptim’
    spotOptimizationInterface: no visible global function definition for
     ‘DEoptim.control’
    spotOptimizationInterface: no visible global function definition for
     ‘bobyqa’
    spotOptimizationInterface: no visible global function definition for
     ‘hjkb’
    spotOptimizationInterface: no visible global function definition for
     ‘GenSA’
    spotOptimizationInterface: no visible global function definition for
     ‘nloptr’
    spotOptimizationInterfaceMco: no visible global function definition for
     ‘nsga2’
    spotPlotBst: no visible global function definition for ‘is_dominated’
    spotPredictDice: no visible global function definition for ‘km’
    spotPredictEarth: no visible global function definition for ‘earth’
    spotPredictEsvm : fitness: no visible global function definition for
     ‘tune.svm’
    spotPredictEsvm: no visible global function definition for ‘svm’
    spotPredictGausspr: no visible global function definition for ‘gausspr’
    spotPredictKrig: no visible global function definition for ‘Krig’
    spotPredictKsvm : fitness: no visible global function definition for
     ‘ksvm’
    spotPredictKsvm: no visible global function definition for ‘ksvm’
    spotPredictLm: no visible global function definition for ‘coded.data’
    spotPredictLm: no visible global function definition for ‘rsm’
    spotPredictLm: no visible global function definition for ‘val2code’
    spotPredictMLP: no visible global function definition for ‘monmlp.fit’
    spotPredictMLP: no visible global function definition for
     ‘monmlp.predict’
    spotPredictMlegp: no visible global function definition for ‘mlegp’
    spotPredictQrnn: no visible global function definition for ‘qrnn.fit’
    spotPredictQrnn: no visible global function definition for
     ‘qrnn.predict’
    spotPredictRandomForest: no visible global function definition for
     ‘randomForest’
    spotPredictTgp: no visible global function definition for ‘btgpllm’
    spotPredictTree: no visible global function definition for ‘rpart’
    spotReport3d: no visible global function definition for ‘twiddle’
    spotReport3d: no visible global function definition for ‘knob’
    spotReport3dMulti: no visible global function definition for
     ‘nondominated_points’
    spotReport3dMulti: no visible global function definition for
     ‘dominated_hypervolume’
    spotReport3dMulti: no visible global function definition for
     ‘is_dominated’
    spotReport3dMulti: no visible global function definition for ‘twiddle’
    spotReport3dMulti: no visible global function definition for ‘knob’
    spotReportContour: no visible global function definition for ‘twiddle’
    spotReportContour: no visible global function definition for ‘knob’
    spotReportContourMulti: no visible global function definition for
     ‘nondominated_points’
    spotReportContourMulti: no visible global function definition for
     ‘dominated_hypervolume’
    spotReportContourMulti: no visible global function definition for
     ‘is_dominated’
    spotReportContourMulti: no visible global function definition for
     ‘twiddle’
    spotReportContourMulti: no visible global function definition for
     ‘knob’
    spotReportDefault: no visible global function definition for ‘rpart’
    spotReportDefault: no visible global function definition for
     ‘nondominated_points’
    spotReportDefault: no visible global function definition for
     ‘dominated_hypervolume’
    spotReportDefault: no visible global function definition for
     ‘is_dominated’
    spotReportEarth: no visible global function definition for ‘evimp’
    spotReportEarth: no visible global function definition for ‘plotmo’
    spotReportMAMP: no visible global function definition for ‘xyplot’
    spotReportMAMP : <anonymous>: no visible global function definition for
     ‘panel.grid’
    spotReportMAMP : <anonymous>: no visible global function definition for
     ‘panel.xyplot’
    spotReportMAMP : <anonymous>: no visible global function definition for
     ‘panel.loess’
    spotReportMAMP : <anonymous>: no visible global function definition for
     ‘panel.lmline’
    spotReportMAMP: no visible global function definition for ‘lmer’
    spotReportMAMP: no visible global function definition for ‘VarCorr’
    spotReportMAMP : intervals : panel.ci: no visible global function
     definition for ‘panel.abline’
    spotReportMAMP : intervals : panel.ci: no visible global function
     definition for ‘panel.arrows’
    spotReportMAMP : intervals : panel.ci: no visible global function
     definition for ‘panel.xyplot’
    spotReportMAMP : intervals: no visible global function definition for
     ‘dotplot’
    spotReportSAMP: no visible global function definition for ‘lmer’
    spotReportSAMP: no visible global function definition for ‘VarCorr’
    spotReportSAMP: no visible global function definition for ‘ggplot’
    spotReportSAMP: no visible global function definition for ‘aes_string’
    spotReportSAMP: no visible global function definition for ‘geom_point’
    spotReportSAMP: no visible global function definition for ‘ggtitle’
    spotReportSens: no visible global function definition for
     ‘randomForest’
    spotRgpTargetFunction: no visible global function definition for
     ‘symbolicRegression’
    spotRgpTargetFunction: no visible global function definition for
     ‘makeArchiveBasedParetoTournamentSearchHeuristic’
    spotRgpTargetFunction: no visible binding for global variable
     ‘arithmeticFunctionSet’
    spotRgpTargetFunction: no visible global function definition for
     ‘makeTimeStopCondition’
    spotSExI2d: no visible global function definition for
     ‘dominated_hypervolume’
    spotSmsEmoa: no visible global function definition for
     ‘steady_state_emoa_control’
    spotSmsEmoa: no visible global function definition for ‘sbx_control’
    spotSmsEmoa: no visible global function definition for ‘pm_control’
    spotSmsEmoa: no visible global function definition for
     ‘nds_hv_selection’
    spotSmsEmoaKriging: no visible global function definition for
     ‘steady_state_emoa_control’
    spotSmsEmoaKriging: no visible global function definition for
     ‘sbx_control’
    spotSmsEmoaKriging: no visible global function definition for
     ‘pm_control’
    spotSmsEmoaKriging: no visible global function definition for
     ‘dominated_hypervolume’
    spotSmsEmoaKriging: no visible global function definition for
     ‘nds_hv_selection’
    spotStepMetaOpt: no visible global function definition for
     ‘gen.factorial’
    spotSurf3d: no visible global function definition for ‘open3d’
    spotSurf3d: no visible global function definition for ‘persp3d’
    spotSurf3d: no visible global function definition for ‘rgl.points’
Flavors: r-devel-linux-x86_64-debian-clang, r-devel-linux-x86_64-debian-gcc, r-devel-linux-x86_64-fedora-clang, r-devel-linux-x86_64-fedora-gcc, r-devel-osx-x86_64-clang, r-devel-windows-ix86+x86_64

Version: 1.0.4184
Check: dependencies in R code
Result: NOTE
    Packages in Depends field not imported from:
     ‘emoa’ ‘rpart’
     These packages need to be imported from for the case when
     this namespace is loaded but not attached.
    ‘:::’ call which should be ‘::’: ‘emoa:::coalesce’
     See the note in ?`:::` about the use of this operator.
    See the information on DESCRIPTION files in the chapter ‘Creating R
    packages’ of the ‘Writing R Extensions’ manual.
Flavor: r-release-osx-x86_64-snowleopard