Last updated on 2014-10-02 01:48:28.
Flavor | Version | Tinstall | Tcheck | Ttotal | Status | Flags |
---|---|---|---|---|---|---|
r-devel-linux-x86_64-debian-clang | 8.0-0.0 | 9.64 | 16.00 | 25.63 | NOTE | |
r-devel-linux-x86_64-debian-gcc | 8.0-0.0 | 8.68 | 15.85 | 24.53 | NOTE | |
r-devel-linux-x86_64-fedora-clang | 8.0-0.0 | 49.64 | NOTE | |||
r-devel-linux-x86_64-fedora-gcc | 8.0-0.0 | 47.52 | NOTE | |||
r-devel-osx-x86_64-clang | 8.0-0.0 | 47.61 | NOTE | |||
r-devel-windows-ix86+x86_64 | 8.0-0.0 | 13.00 | 24.00 | 37.00 | NOTE | |
r-patched-linux-x86_64 | 8.0-0.0 | 8.77 | 17.33 | 26.10 | NOTE | |
r-patched-solaris-sparc | 8.0-0.0 | 380.90 | NOTE | |||
r-patched-solaris-x86 | 8.0-0.0 | 86.80 | NOTE | |||
r-release-linux-ix86 | 8.0-0.0 | 14.14 | 26.08 | 40.22 | NOTE | |
r-release-linux-x86_64 | 8.0-0.0 | 8.62 | 17.89 | 26.51 | NOTE | |
r-release-osx-x86_64-mavericks | 8.0-0.0 | NOTE | ||||
r-release-osx-x86_64-snowleopard | 8.0-0.0 | NOTE | ||||
r-release-windows-ix86+x86_64 | 8.0-0.0 | 14.00 | 29.00 | 43.00 | NOTE | |
r-oldrel-windows-ix86+x86_64 | 8.0-0.0 | 17.00 | 33.00 | 50.00 | NOTE |
Version: 8.0-0.0
Check: installed package size
Result: NOTE
installed size is 7.5Mb
sub-directories of 1Mb or more:
data 7.4Mb
Flavors: r-devel-linux-x86_64-debian-clang, r-devel-linux-x86_64-debian-gcc, r-devel-linux-x86_64-fedora-clang, r-devel-linux-x86_64-fedora-gcc, r-devel-osx-x86_64-clang, r-devel-windows-ix86+x86_64, r-patched-linux-x86_64, r-patched-solaris-sparc, r-patched-solaris-x86, r-release-linux-ix86, r-release-linux-x86_64, r-release-osx-x86_64-mavericks, r-release-osx-x86_64-snowleopard, r-release-windows-ix86+x86_64, r-oldrel-windows-ix86+x86_64