CRAN Package Check Results for Package SEMID

Last updated on 2014-10-02 01:48:27.

Flavor Version Tinstall Tcheck Ttotal Status Flags
r-devel-linux-x86_64-debian-clang 0.1 0.66 12.01 12.67 NOTE
r-devel-linux-x86_64-debian-gcc 0.1 0.64 12.08 12.72 NOTE
r-devel-linux-x86_64-fedora-clang 0.1 25.47 NOTE
r-devel-linux-x86_64-fedora-gcc 0.1 23.80 NOTE
r-devel-osx-x86_64-clang 0.1 28.29 NOTE
r-devel-windows-ix86+x86_64 0.1 2.00 19.00 21.00 NOTE
r-patched-linux-x86_64 0.1 0.70 12.40 13.09 NOTE
r-patched-solaris-sparc 0.1 151.80 NOTE
r-patched-solaris-x86 0.1 41.70 NOTE
r-release-linux-ix86 0.1 0.98 18.44 19.42 NOTE
r-release-linux-x86_64 0.1 0.73 12.38 13.11 NOTE
r-release-osx-x86_64-mavericks 0.1 NOTE
r-release-osx-x86_64-snowleopard 0.1 OK
r-release-windows-ix86+x86_64 0.1 3.00 22.00 25.00 NOTE
r-oldrel-windows-ix86+x86_64 0.1 3.00 21.00 24.00 NOTE

Check Details

Version: 0.1
Check: dependencies in R code
Result: NOTE
    Package in Depends field not imported from: ‘igraph’
     These packages need to be imported from (in the NAMESPACE file)
     for when this namespace is loaded but not attached.
    See the information on DESCRIPTION files in the chapter ‘Creating R
    packages’ of the ‘Writing R Extensions’ manual.
Flavors: r-devel-linux-x86_64-debian-clang, r-devel-linux-x86_64-debian-gcc, r-devel-linux-x86_64-fedora-clang, r-devel-linux-x86_64-fedora-gcc, r-devel-osx-x86_64-clang, r-devel-windows-ix86+x86_64, r-patched-linux-x86_64, r-patched-solaris-sparc, r-patched-solaris-x86, r-release-linux-ix86, r-release-linux-x86_64, r-release-osx-x86_64-mavericks, r-release-windows-ix86+x86_64, r-oldrel-windows-ix86+x86_64

Version: 0.1
Check: R code for possible problems
Result: NOTE
    graphID.genericID: no visible global function definition for
     ‘graph.maxflow’
    graphID.genericID: no visible global function definition for
     ‘graph.adjacency’
    graphID.globalID: no visible global function definition for
     ‘graph.maxflow’
    graphID.globalID: no visible global function definition for
     ‘graph.adjacency’
    graphID.nonID: no visible global function definition for
     ‘graph.maxflow’
    graphID.nonID: no visible global function definition for
     ‘graph.adjacency’
Flavors: r-devel-linux-x86_64-debian-clang, r-devel-linux-x86_64-debian-gcc, r-devel-linux-x86_64-fedora-clang, r-devel-linux-x86_64-fedora-gcc, r-devel-osx-x86_64-clang, r-devel-windows-ix86+x86_64