Last updated on 2014-10-02 01:48:27.
Flavor | Version | Tinstall | Tcheck | Ttotal | Status | Flags |
---|---|---|---|---|---|---|
r-devel-linux-x86_64-debian-clang | 2013-11.11 | 0.67 | 11.38 | 12.05 | NOTE | |
r-devel-linux-x86_64-debian-gcc | 2013-11.11 | 0.60 | 11.34 | 11.94 | NOTE | |
r-devel-linux-x86_64-fedora-clang | 2013-11.11 | 24.12 | NOTE | |||
r-devel-linux-x86_64-fedora-gcc | 2013-11.11 | 22.84 | NOTE | |||
r-devel-osx-x86_64-clang | 2013-11.11 | 25.97 | NOTE | |||
r-devel-windows-ix86+x86_64 | 2013-11.11 | 2.00 | 19.00 | 21.00 | NOTE | |
r-patched-linux-x86_64 | 2013-11.11 | 0.64 | 11.57 | 12.21 | NOTE | |
r-patched-solaris-sparc | 2013-11.11 | 136.10 | NOTE | |||
r-patched-solaris-x86 | 2013-11.11 | 34.20 | NOTE | |||
r-release-linux-ix86 | 2013-11.11 | 0.94 | 17.56 | 18.50 | NOTE | |
r-release-linux-x86_64 | 2013-11.11 | 0.63 | 11.65 | 12.28 | NOTE | |
r-release-osx-x86_64-mavericks | 2013-11.11 | NOTE | ||||
r-release-osx-x86_64-snowleopard | 2013-11.11 | OK | ||||
r-release-windows-ix86+x86_64 | 2013-11.11 | 3.00 | 22.00 | 25.00 | NOTE | |
r-oldrel-windows-ix86+x86_64 | 2013-11.11 | 2.00 | 20.00 | 22.00 | NOTE |
Version: 2013-11.11
Check: dependencies in R code
Result: NOTE
Package in Depends field not imported from: ‘optextras’
These packages need to be imported from (in the NAMESPACE file)
for when this namespace is loaded but not attached.
See the information on DESCRIPTION files in the chapter ‘Creating R
packages’ of the ‘Writing R Extensions’ manual.
Flavors: r-devel-linux-x86_64-debian-clang, r-devel-linux-x86_64-debian-gcc, r-devel-linux-x86_64-fedora-clang, r-devel-linux-x86_64-fedora-gcc, r-devel-osx-x86_64-clang, r-devel-windows-ix86+x86_64, r-patched-linux-x86_64, r-patched-solaris-sparc, r-patched-solaris-x86, r-release-linux-ix86, r-release-linux-x86_64, r-release-osx-x86_64-mavericks, r-release-windows-ix86+x86_64, r-oldrel-windows-ix86+x86_64
Version: 2013-11.11
Check: R code for possible problems
Result: NOTE
Rvmmin: no visible global function definition for ‘grchk’
Rvmmin: no visible global function definition for ‘bmchk’
Flavors: r-devel-linux-x86_64-debian-clang, r-devel-linux-x86_64-debian-gcc, r-devel-linux-x86_64-fedora-clang, r-devel-linux-x86_64-fedora-gcc, r-devel-osx-x86_64-clang, r-devel-windows-ix86+x86_64