CRAN Package Check Results for Package Rvcg

Last updated on 2014-10-02 01:48:27.

Flavor Version Tinstall Tcheck Ttotal Status Flags
r-devel-linux-x86_64-debian-clang 0.9 119.61 19.82 139.42 NOTE
r-devel-linux-x86_64-debian-gcc 0.9 151.22 18.84 170.06 NOTE
r-devel-linux-x86_64-fedora-clang 0.9 311.78 NOTE
r-devel-linux-x86_64-fedora-gcc 0.9 298.15 NOTE
r-devel-osx-x86_64-clang 0.9 162.47 OK
r-devel-windows-ix86+x86_64 0.9 352.00 47.00 399.00 OK
r-patched-linux-x86_64 0.9 159.16 21.66 180.81 NOTE
r-patched-solaris-sparc 0.9 1811.40 NOTE
r-patched-solaris-x86 0.9 412.60 NOTE
r-release-linux-ix86 0.9 184.55 29.49 214.04 NOTE
r-release-linux-x86_64 0.9 153.40 21.41 174.81 NOTE
r-release-osx-x86_64-mavericks 0.9 NOTE
r-release-osx-x86_64-snowleopard 0.9 NOTE
r-release-windows-ix86+x86_64 0.9 334.00 52.00 386.00 OK
r-oldrel-windows-ix86+x86_64 0.9 337.00 61.00 398.00 OK

Check Details

Version: 0.9
Check: installed package size
Result: NOTE
     installed size is 22.0Mb
     sub-directories of 1Mb or more:
     libs 21.4Mb
Flavors: r-devel-linux-x86_64-debian-clang, r-devel-linux-x86_64-debian-gcc, r-devel-linux-x86_64-fedora-clang, r-devel-linux-x86_64-fedora-gcc, r-patched-linux-x86_64, r-patched-solaris-sparc, r-patched-solaris-x86, r-release-linux-ix86, r-release-linux-x86_64, r-release-osx-x86_64-mavericks, r-release-osx-x86_64-snowleopard

Version: 0.9
Check: compiled code
Result: NOTE
    File ‘/Volumes/XT3/Builds/R-dev-web/QA/Simon/packages/snowleopard-x86_64/results/3.1/Rvcg.Rcheck/Rvcg/libs/Rvcg.so’:
     Found ‘__ZSt4cout’, possibly from ‘std::cout’ (C++)
     Objects: ‘Rborder.o’, ‘Rclost.o’, ‘Rcurvature.o’, ‘Rkdtree.o’
    
    Compiled code should not call entry points which might terminate R nor
    write to stdout/stderr instead of to the console.
    
    See ‘Writing portable packages’ in the ‘Writing R Extensions’ manual.
Flavor: r-release-osx-x86_64-snowleopard