Last updated on 2014-10-02 01:48:27.
Flavor | Version | Tinstall | Tcheck | Ttotal | Status | Flags |
---|---|---|---|---|---|---|
r-devel-linux-x86_64-debian-clang | 1.14 | 0.70 | 15.38 | 16.08 | NOTE | |
r-devel-linux-x86_64-debian-gcc | 1.14 | 0.67 | 15.08 | 15.74 | NOTE | |
r-devel-linux-x86_64-fedora-clang | 1.14 | 31.92 | NOTE | |||
r-devel-linux-x86_64-fedora-gcc | 1.14 | 28.64 | NOTE | |||
r-devel-osx-x86_64-clang | 1.14 | 30.86 | NOTE | |||
r-devel-windows-ix86+x86_64 | 1.14 | 2.00 | 22.00 | 24.00 | NOTE | |
r-patched-linux-x86_64 | 1.14 | 0.69 | 15.92 | 16.61 | NOTE | |
r-patched-solaris-sparc | 1.14 | 194.40 | NOTE | |||
r-patched-solaris-x86 | 1.14 | 42.60 | NOTE | |||
r-release-linux-ix86 | 1.14 | 0.98 | 22.04 | 23.02 | NOTE | |
r-release-linux-x86_64 | 1.14 | 0.65 | 15.80 | 16.46 | NOTE | |
r-release-osx-x86_64-mavericks | 1.14 | NOTE | ||||
r-release-windows-ix86+x86_64 | 1.14 | 4.00 | 24.00 | 28.00 | NOTE | |
r-oldrel-windows-ix86+x86_64 | 1.14 | 2.00 | 25.00 | 27.00 | NOTE |
Version: 1.14
Check: top-level files
Result: NOTE
Non-standard file/directory found at top level:
‘COPYRIGHTS’
Copyright information should be in file inst/COPYRIGHTS
Flavors: r-devel-linux-x86_64-debian-clang, r-devel-linux-x86_64-debian-gcc, r-devel-linux-x86_64-fedora-clang, r-devel-linux-x86_64-fedora-gcc, r-patched-linux-x86_64, r-release-linux-x86_64
Version: 1.14
Check: R code for possible problems
Result: NOTE
File ‘Rsolnp/R/zzz.R’:
.onLoad calls:
packageStartupMessage(sprintf("Package %s (%s) loaded. To cite, see citation(\"%s\")\n", pkg, utils::packageDescription(pkg)$Version, pkg))
See section ‘Good practice’ in '?.onAttach'.
Flavors: r-devel-linux-x86_64-debian-clang, r-devel-linux-x86_64-debian-gcc, r-devel-linux-x86_64-fedora-clang, r-devel-linux-x86_64-fedora-gcc, r-devel-osx-x86_64-clang, r-devel-windows-ix86+x86_64, r-patched-linux-x86_64, r-patched-solaris-sparc, r-patched-solaris-x86, r-release-linux-ix86, r-release-linux-x86_64, r-release-osx-x86_64-mavericks, r-release-windows-ix86+x86_64, r-oldrel-windows-ix86+x86_64