Last updated on 2014-10-02 01:48:26.
Flavor | Version | Tinstall | Tcheck | Ttotal | Status | Flags |
---|---|---|---|---|---|---|
r-devel-linux-x86_64-debian-clang | 0.0-1 | 2.29 | 9.63 | 11.92 | OK | |
r-devel-linux-x86_64-debian-gcc | 0.0-1 | 2.11 | 10.06 | 12.16 | OK | |
r-devel-linux-x86_64-fedora-clang | 0.0-1 | 23.45 | OK | |||
r-devel-linux-x86_64-fedora-gcc | 0.0-1 | 21.88 | OK | |||
r-patched-linux-x86_64 | 0.0-1 | 2.31 | 9.90 | 12.21 | OK | |
r-release-linux-ix86 | 0.0-1 | 3.53 | 16.14 | 19.67 | OK | |
r-release-linux-x86_64 | 0.0-1 | 2.14 | 9.88 | 12.02 | OK | |
r-release-osx-x86_64-mavericks | 0.0-1 | ERROR | ||||
r-release-osx-x86_64-snowleopard | 0.0-1 | ERROR |
Version: 0.0-1
Check: whether package can be installed
Result: ERROR
Installation failed.
Flavors: r-release-osx-x86_64-mavericks, r-release-osx-x86_64-snowleopard