CRAN Package Check Results for Package Rpdb

Last updated on 2014-10-02 01:48:26.

Flavor Version Tinstall Tcheck Ttotal Status Flags
r-devel-linux-x86_64-debian-clang 2.2 1.21 38.42 39.64 NOTE
r-devel-linux-x86_64-debian-gcc 2.2 1.12 38.22 39.34 NOTE
r-devel-linux-x86_64-fedora-clang 2.2 79.99 NOTE
r-devel-linux-x86_64-fedora-gcc 2.2 75.57 NOTE
r-devel-osx-x86_64-clang 2.2 40.72 NOTE
r-devel-windows-ix86+x86_64 2.2 4.00 31.00 35.00 NOTE
r-patched-linux-x86_64 2.2 1.16 38.60 39.76 OK
r-patched-solaris-sparc 2.2 250.50 OK
r-patched-solaris-x86 2.2 59.50 OK
r-release-linux-ix86 2.2 1.62 48.15 49.76 OK
r-release-linux-x86_64 2.2 1.13 38.07 39.20 OK
r-release-osx-x86_64-mavericks 2.2 OK
r-release-osx-x86_64-snowleopard 2.2 OK
r-release-windows-ix86+x86_64 2.2 4.00 35.00 39.00 OK
r-oldrel-windows-ix86+x86_64 2.2 4.00 35.00 39.00 OK

Check Details

Version: 2.2
Check: R code for possible problems
Result: NOTE
    cell.density.default: no visible binding for global variable
     ‘universalConstants’
    conect.pdb: no visible binding for global variable ‘elements’
    masses.default: no visible binding for global variable ‘elements’
    toSymbols.character: no visible binding for global variable ‘elements’
    toSymbols.integer: no visible binding for global variable ‘elements’
    visualize.coords: no visible binding for global variable ‘elements’
Flavors: r-devel-linux-x86_64-debian-clang, r-devel-linux-x86_64-debian-gcc, r-devel-linux-x86_64-fedora-clang, r-devel-linux-x86_64-fedora-gcc, r-devel-osx-x86_64-clang, r-devel-windows-ix86+x86_64