Last updated on 2014-10-02 01:48:26.
Flavor | Version | Tinstall | Tcheck | Ttotal | Status | Flags |
---|---|---|---|---|---|---|
r-devel-linux-x86_64-debian-clang | 1.2 | 6.20 | 30.00 | 36.20 | NOTE | |
r-devel-linux-x86_64-debian-gcc | 1.2 | 6.48 | 30.25 | 36.73 | NOTE | |
r-devel-linux-x86_64-fedora-clang | 1.2 | 69.23 | NOTE | |||
r-devel-linux-x86_64-fedora-gcc | 1.2 | 62.86 | NOTE | |||
r-devel-osx-x86_64-clang | 1.2 | 59.07 | NOTE | |||
r-devel-windows-ix86+x86_64 | 1.2 | 18.00 | 52.00 | 70.00 | NOTE | |
r-patched-linux-x86_64 | 1.2 | 6.37 | 31.29 | 37.66 | NOTE | |
r-patched-solaris-sparc | 1.2 | 406.70 | NOTE | |||
r-patched-solaris-x86 | 1.2 | 88.10 | NOTE | |||
r-release-linux-ix86 | 1.2 | 9.03 | 40.56 | 49.58 | NOTE | |
r-release-linux-x86_64 | 1.2 | 6.67 | 31.37 | 38.04 | NOTE | |
r-release-osx-x86_64-mavericks | 1.2 | NOTE | ||||
r-release-osx-x86_64-snowleopard | 1.2 | NOTE | ||||
r-release-windows-ix86+x86_64 | 1.2 | 19.00 | 54.00 | 73.00 | NOTE | |
r-oldrel-windows-ix86+x86_64 | 1.2 | 19.00 | 54.00 | 73.00 | NOTE |
Version: 1.2
Check: dependencies in R code
Result: NOTE
There are ::: calls to the package's namespace in its code. A package
almost never needs to use ::: for its own objects:
‘Chi2phi’ ‘Chiphi’ ‘Chiphi.n’ ‘Chiphi.w’ ‘Chipzphi’ ‘Psiphi.w’
‘Psizphi.n’ ‘Psizphi.w’ ‘Pspphi.n’ ‘Pspphi.w’ ‘Pspzphi.w’ ‘pezez’
‘psi.weight’ ‘psp.weight’ ‘s1chiphi.w’ ‘s1phi.w’ ‘s1pphi.w’
‘s1psiphi.n’ ‘s1psiphi.w’ ‘s1pzphi.w’ ‘s1s1phi.n’ ‘s1s1phi.w’
‘s1s2phi.w’ ‘s2chiphi.n’ ‘s2chiphi.w’ ‘s2phi.n’ ‘s2phi.w’ ‘s2pphi.w’
‘s2psiphi.w’ ‘s2pzphi.w’ ‘s2s2phi.n’ ‘s2s2phi.w’
See the information on DESCRIPTION files in the chapter ‘Creating R
packages’ of the ‘Writing R Extensions’ manual.
Flavors: r-devel-linux-x86_64-debian-clang, r-devel-linux-x86_64-debian-gcc, r-devel-linux-x86_64-fedora-clang, r-devel-linux-x86_64-fedora-gcc, r-devel-osx-x86_64-clang, r-devel-windows-ix86+x86_64, r-patched-linux-x86_64, r-patched-solaris-sparc, r-patched-solaris-x86, r-release-linux-ix86, r-release-linux-x86_64, r-release-osx-x86_64-mavericks, r-release-osx-x86_64-snowleopard, r-release-windows-ix86+x86_64, r-oldrel-windows-ix86+x86_64