Last updated on 2014-10-02 01:48:26.
Flavor | Version | Tinstall | Tcheck | Ttotal | Status | Flags |
---|---|---|---|---|---|---|
r-devel-linux-x86_64-debian-clang | 1.1 | 1.84 | 55.56 | 57.41 | NOTE | |
r-devel-linux-x86_64-debian-gcc | 1.1 | 1.31 | 54.61 | 55.92 | NOTE | |
r-devel-linux-x86_64-fedora-clang | 1.1 | 123.86 | NOTE | |||
r-devel-linux-x86_64-fedora-gcc | 1.1 | 113.87 | NOTE | |||
r-devel-osx-x86_64-clang | 1.1 | 99.47 | NOTE | |||
r-devel-windows-ix86+x86_64 | 1.1 | 6.00 | 83.00 | 89.00 | NOTE | |
r-patched-linux-x86_64 | 1.1 | 1.34 | 59.88 | 61.23 | OK | |
r-patched-solaris-sparc | 1.1 | 683.80 | OK | |||
r-patched-solaris-x86 | 1.1 | 140.70 | OK | |||
r-release-linux-ix86 | 1.1 | 1.85 | 75.08 | 76.93 | OK | |
r-release-linux-x86_64 | 1.1 | 1.46 | 58.80 | 60.26 | OK | |
r-release-osx-x86_64-mavericks | 1.1 | NOTE | ||||
r-release-osx-x86_64-snowleopard | 1.1 | OK | ||||
r-release-windows-ix86+x86_64 | 1.1 | 5.00 | 92.00 | 97.00 | OK | |
r-oldrel-windows-ix86+x86_64 | 1.1 | 6.00 | 88.00 | 94.00 | OK |
Version: 1.1
Check: R code for possible problems
Result: NOTE
singlePerM: no visible global function definition for ‘lmrob.control’
Flavors: r-devel-linux-x86_64-debian-clang, r-devel-linux-x86_64-debian-gcc, r-devel-linux-x86_64-fedora-clang, r-devel-linux-x86_64-fedora-gcc, r-devel-osx-x86_64-clang, r-devel-windows-ix86+x86_64
Version: 1.1
Check: re-building of vignette outputs
Result: NOTE
Error in re-building vignettes:
...
Loading required package: splines
Loading required package: BB
Loading required package: rgenoud
Loading required package: parallel
## rgenoud (Version 5.7-12, Build Date: 2013-06-28)
## See http://sekhon.berkeley.edu/rgenoud for additional documentation.
## Please cite software as:
## Walter Mebane, Jr. and Jasjeet S. Sekhon. 2011.
## ``Genetic Optimization Using Derivatives: The rgenoud package for R.''
## Journal of Statistical Software, 42(11): 1-26.
##
Error in texi2dvi(file = file, pdf = TRUE, clean = clean, quiet = quiet, :
Running 'texi2dvi' on 'RobPer_Vignette.tex' failed.
LaTeX errors:
! LaTeX Error: File `subfigure.sty' not found.
Type X to quit or <RETURN> to proceed,
or enter new name. (Default extension: sty)
test/RobPer/vignettes/RobPer_Vignette.tex:7: ==> Fatal error occurred, no outp
ut PDF file produced!
Calls: buildVignettes -> texi2pdf -> texi2dvi
Execution halted
Flavor: r-release-osx-x86_64-mavericks