Last updated on 2014-10-02 01:48:26.
Flavor | Version | Tinstall | Tcheck | Ttotal | Status | Flags |
---|---|---|---|---|---|---|
r-devel-linux-x86_64-debian-clang | 0.6-5 | 2.73 | 18.65 | 21.38 | NOTE | |
r-devel-linux-x86_64-debian-gcc | 0.6-5 | 2.59 | 19.11 | 21.70 | NOTE | |
r-devel-linux-x86_64-fedora-clang | 0.6-5 | 34.85 | NOTE | |||
r-devel-linux-x86_64-fedora-gcc | 0.6-5 | 32.15 | NOTE | |||
r-devel-osx-x86_64-clang | 0.6-5 | 37.15 | NOTE | |||
r-devel-windows-ix86+x86_64 | 0.6-5 | 23.00 | 33.00 | 56.00 | NOTE | |
r-patched-linux-x86_64 | 0.6-5 | 2.82 | 19.24 | 22.06 | OK | |
r-patched-solaris-sparc | 0.6-5 | 200.20 | OK | |||
r-patched-solaris-x86 | 0.6-5 | 49.80 | OK | |||
r-release-linux-ix86 | 0.6-5 | 4.15 | 23.08 | 27.22 | OK | |
r-release-linux-x86_64 | 0.6-5 | 2.68 | 18.66 | 21.34 | OK | |
r-release-osx-x86_64-mavericks | 0.6-5 | ERROR | ||||
r-release-osx-x86_64-snowleopard | 0.6-5 | OK | ||||
r-release-windows-ix86+x86_64 | 0.6-5 | 36.00 | 30.00 | 66.00 | OK | |
r-oldrel-windows-ix86+x86_64 | 0.6-5 | 18.00 | 36.00 | 54.00 | OK |
Memtest notes: valgrind
Version: 0.6-5
Check: R code for possible problems
Result: NOTE
mpi.setup.rngstream: no visible global function definition for
‘nextRNGStream’
mpi.universe.size: no visible global function definition for
‘detectCores’
Flavors: r-devel-linux-x86_64-debian-clang, r-devel-linux-x86_64-debian-gcc, r-devel-linux-x86_64-fedora-clang, r-devel-linux-x86_64-fedora-gcc, r-devel-osx-x86_64-clang, r-devel-windows-ix86+x86_64
Version: 0.6-5
Check: whether package can be installed
Result: ERROR
Installation failed.
Flavor: r-release-osx-x86_64-mavericks